74.6.149.35 - - [08/Oct/2009:22:22:24 +0200] "GET /robots.txt HTTP/1.0" 404 365 "-" "Mozilla/5.0 (Yahoo-MMCrawler/4.0; mailto:vertical-crawl-support@yahoo-inc.com)"
74.6.149.35 - - [08/Oct/2009:22:22:24 +0200] "GET /infofrankrijk/prise_en_T.jpg HTTP/1.0" 200 67049 "-" "Mozilla/5.0 (Yahoo-MMCrawler/4.0; mailto:vertical-crawl-support@yahoo-inc.com)"
74.6.149.35 - - [08/Oct/2009:23:15:21 +0200] "GET /infofrankrijk/prise_cigogne.jpg HTTP/1.0" 200 43822 "-" "Mozilla/5.0 (Yahoo-MMCrawler/4.0; mailto:vertical-crawl-support@yahoo-inc.com)"
67.218.116.134 - - [09/Oct/2009:01:49:52 +0200] "GET /infofrankrijk/?S=A HTTP/1.0" 200 2177 "-" "Mozilla/5.0 (Twiceler-0.9 http://www.cuil.com/twiceler/robot.html)"
67.218.116.134 - - [09/Oct/2009:02:27:22 +0200] "GET /infofrankrijk/?N=D HTTP/1.0" 200 2177 "-" "Mozilla/5.0 (Twiceler-0.9 http://www.cuil.com/twiceler/robot.html)"
67.218.116.134 - - [09/Oct/2009:02:34:11 +0200] "GET /vda/index.htm HTTP/1.0" 404 368 "-" "Mozilla/5.0 (Twiceler-0.9 http://www.cuil.com/twiceler/robot.html)"
67.218.116.134 - - [09/Oct/2009:02:40:14 +0200] "GET /temp/?N=D HTTP/1.0" 200 958 "-" "Mozilla/5.0 (Twiceler-0.9 http://www.cuil.com/twiceler/robot.html)"
67.218.116.134 - - [09/Oct/2009:04:45:43 +0200] "GET /temp/?S=D HTTP/1.0" 200 958 "-" "Mozilla/5.0 (Twiceler-0.9 http://www.cuil.com/twiceler/robot.html)"
67.218.116.134 - - [09/Oct/2009:04:51:45 +0200] "GET /vda/index.php/component/content/article/1-homeopathie-breda-van-den-assum/index.htm HTTP/1.0" 404 438 "-" "Mozilla/5.0 (Twiceler-0.9 http://www.cuil.com/twiceler/robot.html)"
67.218.116.134 - - [09/Oct/2009:04:58:14 +0200] "GET /temp/?D=A HTTP/1.0" 200 958 "-" "Mozilla/5.0 (Twiceler-0.9 http://www.cuil.com/twiceler/robot.html)"
67.218.116.134 - - [09/Oct/2009:07:27:25 +0200] "GET /robots.txt HTTP/1.0" 404 365 "-" "Mozilla/5.0 (Twiceler-0.9 http://www.cuil.com/twiceler/robot.html)"
74.6.149.35 - - [09/Oct/2009:07:57:43 +0200] "GET /infofrankrijk/RJ11.jpg HTTP/1.0" 200 20225 "-" "Mozilla/5.0 (Yahoo-MMCrawler/4.0; mailto:vertical-crawl-support@yahoo-inc.com)"
74.6.149.35 - - [09/Oct/2009:08:54:48 +0200] "GET /robots.txt HTTP/1.0" 404 365 "-" "Mozilla/5.0 (Yahoo-MMCrawler/4.0; mailto:vertical-crawl-support@yahoo-inc.com)"
74.6.149.35 - - [09/Oct/2009:08:54:48 +0200] "GET /infofrankrijk/RJ11.jpg HTTP/1.0" 200 20225 "-" "Mozilla/5.0 (Yahoo-MMCrawler/4.0; mailto:vertical-crawl-support@yahoo-inc.com)"
66.249.67.54 - - [09/Oct/2009:13:19:57 +0200] "GET /robots.txt HTTP/1.1" 404 365 "-" "Googlebot-Image/1.0"
66.249.67.54 - - [09/Oct/2009:13:19:58 +0200] "GET /condensator.jpg HTTP/1.1" 304 - "-" "Googlebot-Image/1.0"
74.6.149.35 - - [09/Oct/2009:17:37:48 +0200] "GET /robots.txt HTTP/1.0" 404 365 "-" "Mozilla/5.0 (Yahoo-MMCrawler/4.0; mailto:vertical-crawl-support@yahoo-inc.com)"
74.6.149.35 - - [09/Oct/2009:17:37:48 +0200] "GET /infofrankrijk/prise_en_T_male.jpg HTTP/1.0" 200 75353 "-" "Mozilla/5.0 (Yahoo-MMCrawler/4.0; mailto:vertical-crawl-support@yahoo-inc.com)"
82.123.210.189 - - [09/Oct/2009:22:05:44 +0200] "GET / HTTP/1.1" 200 5359 "-" "Mozilla/5.0 (Windows; U; Windows NT 5.1; en-US; rv:1.9.2a1) Gecko/20090806 Namoroka/3.6a1 (.NET CLR 3.5.30729)"
82.123.210.189 - - [09/Oct/2009:22:05:44 +0200] "GET /icons/blank.gif HTTP/1.1" 200 148 "http://temp.thover.com/" "Mozilla/5.0 (Windows; U; Windows NT 5.1; en-US; rv:1.9.2a1) Gecko/20090806 Namoroka/3.6a1 (.NET CLR 3.5.30729)"
82.123.210.189 - - [09/Oct/2009:22:05:44 +0200] "GET /icons/unknown.gif HTTP/1.1" 200 245 "http://temp.thover.com/" "Mozilla/5.0 (Windows; U; Windows NT 5.1; en-US; rv:1.9.2a1) Gecko/20090806 Namoroka/3.6a1 (.NET CLR 3.5.30729)"
82.123.210.189 - - [09/Oct/2009:22:05:44 +0200] "GET /icons/compressed.gif HTTP/1.1" 200 1038 "http://temp.thover.com/" "Mozilla/5.0 (Windows; U; Windows NT 5.1; en-US; rv:1.9.2a1) Gecko/20090806 Namoroka/3.6a1 (.NET CLR 3.5.30729)"
82.123.210.189 - - [09/Oct/2009:22:05:44 +0200] "GET /icons/movie.gif HTTP/1.1" 200 243 "http://temp.thover.com/" "Mozilla/5.0 (Windows; U; Windows NT 5.1; en-US; rv:1.9.2a1) Gecko/20090806 Namoroka/3.6a1 (.NET CLR 3.5.30729)"
82.123.210.189 - - [09/Oct/2009:22:05:44 +0200] "GET /icons/image2.gif HTTP/1.1" 200 309 "http://temp.thover.com/" "Mozilla/5.0 (Windows; U; Windows NT 5.1; en-US; rv:1.9.2a1) Gecko/20090806 Namoroka/3.6a1 (.NET CLR 3.5.30729)"
82.123.210.189 - - [09/Oct/2009:22:05:45 +0200] "GET /icons/folder.gif HTTP/1.1" 200 225 "http://temp.thover.com/" "Mozilla/5.0 (Windows; U; Windows NT 5.1; en-US; rv:1.9.2a1) Gecko/20090806 Namoroka/3.6a1 (.NET CLR 3.5.30729)"
82.123.210.189 - - [09/Oct/2009:22:05:45 +0200] "GET /icons/text.gif HTTP/1.1" 200 229 "http://temp.thover.com/" "Mozilla/5.0 (Windows; U; Windows NT 5.1; en-US; rv:1.9.2a1) Gecko/20090806 Namoroka/3.6a1 (.NET CLR 3.5.30729)"
82.123.210.189 - - [09/Oct/2009:22:05:45 +0200] "GET /favicon.ico HTTP/1.1" 404 366 "-" "Mozilla/5.0 (Windows; U; Windows NT 5.1; en-US; rv:1.9.2a1) Gecko/20090806 Namoroka/3.6a1 (.NET CLR 3.5.30729)"
82.123.210.189 - - [09/Oct/2009:22:05:48 +0200] "GET /favicon.ico HTTP/1.1" 404 366 "-" "Mozilla/5.0 (Windows; U; Windows NT 5.1; en-US; rv:1.9.2a1) Gecko/20090806 Namoroka/3.6a1 (.NET CLR 3.5.30729)"
82.123.210.189 - - [09/Oct/2009:22:05:54 +0200] "GET /access_log HTTP/1.1" 200 5163 "http://temp.thover.com/" "Mozilla/5.0 (Windows; U; Windows NT 5.1; en-US; rv:1.9.2a1) Gecko/20090806 Namoroka/3.6a1 (.NET CLR 3.5.30729)"
82.123.210.189 - - [09/Oct/2009:22:06:19 +0200] "GET /temp/ HTTP/1.1" 200 958 "http://temp.thover.com/" "Mozilla/5.0 (Windows; U; Windows NT 5.1; en-US; rv:1.9.2a1) Gecko/20090806 Namoroka/3.6a1 (.NET CLR 3.5.30729)"
82.123.210.189 - - [09/Oct/2009:22:06:19 +0200] "GET /icons/blank.gif HTTP/1.1" 304 - "http://temp.thover.com/temp/" "Mozilla/5.0 (Windows; U; Windows NT 5.1; en-US; rv:1.9.2a1) Gecko/20090806 Namoroka/3.6a1 (.NET CLR 3.5.30729)"
82.123.210.189 - - [09/Oct/2009:22:06:19 +0200] "GET /icons/unknown.gif HTTP/1.1" 304 - "http://temp.thover.com/temp/" "Mozilla/5.0 (Windows; U; Windows NT 5.1; en-US; rv:1.9.2a1) Gecko/20090806 Namoroka/3.6a1 (.NET CLR 3.5.30729)"
82.123.210.189 - - [09/Oct/2009:22:06:19 +0200] "GET /icons/back.gif HTTP/1.1" 200 216 "http://temp.thover.com/temp/" "Mozilla/5.0 (Windows; U; Windows NT 5.1; en-US; rv:1.9.2a1) Gecko/20090806 Namoroka/3.6a1 (.NET CLR 3.5.30729)"
82.123.210.189 - - [09/Oct/2009:22:06:24 +0200] "GET /invitation_soiree_avant_tour.jpg HTTP/1.1" 200 80455 "http://temp.thover.com/" "Mozilla/5.0 (Windows; U; Windows NT 5.1; en-US; rv:1.9.2a1) Gecko/20090806 Namoroka/3.6a1 (.NET CLR 3.5.30729)"
82.123.210.189 - - [09/Oct/2009:22:06:38 +0200] "GET /vittel/ HTTP/1.1" 200 10906 "http://temp.thover.com/" "Mozilla/5.0 (Windows; U; Windows NT 5.1; en-US; rv:1.9.2a1) Gecko/20090806 Namoroka/3.6a1 (.NET CLR 3.5.30729)"
82.123.210.189 - - [09/Oct/2009:22:06:38 +0200] "GET /vittel/teasing.css HTTP/1.1" 200 1617 "http://temp.thover.com/vittel/" "Mozilla/5.0 (Windows; U; Windows NT 5.1; en-US; rv:1.9.2a1) Gecko/20090806 Namoroka/3.6a1 (.NET CLR 3.5.30729)"
82.123.210.189 - - [09/Oct/2009:22:06:38 +0200] "GET /vittel/highslide/highslide.css HTTP/1.1" 200 18508 "http://temp.thover.com/vittel/" "Mozilla/5.0 (Windows; U; Windows NT 5.1; en-US; rv:1.9.2a1) Gecko/20090806 Namoroka/3.6a1 (.NET CLR 3.5.30729)"
82.123.210.189 - - [09/Oct/2009:22:06:38 +0200] "GET /vittel/highslide/highslide.js HTTP/1.1" 200 63423 "http://temp.thover.com/vittel/" "Mozilla/5.0 (Windows; U; Windows NT 5.1; en-US; rv:1.9.2a1) Gecko/20090806 Namoroka/3.6a1 (.NET CLR 3.5.30729)"
82.123.210.189 - - [09/Oct/2009:22:06:38 +0200] "GET /vittel/fermer.gif HTTP/1.1" 200 621 "http://temp.thover.com/vittel/" "Mozilla/5.0 (Windows; U; Windows NT 5.1; en-US; rv:1.9.2a1) Gecko/20090806 Namoroka/3.6a1 (.NET CLR 3.5.30729)"
82.123.210.189 - - [09/Oct/2009:22:06:38 +0200] "GET /vittel/transparent.gif HTTP/1.1" 200 43 "http://temp.thover.com/vittel/" "Mozilla/5.0 (Windows; U; Windows NT 5.1; en-US; rv:1.9.2a1) Gecko/20090806 Namoroka/3.6a1 (.NET CLR 3.5.30729)"
82.123.210.189 - - [09/Oct/2009:22:06:38 +0200] "GET /vittel/top.gif HTTP/1.1" 200 14926 "http://temp.thover.com/vittel/" "Mozilla/5.0 (Windows; U; Windows NT 5.1; en-US; rv:1.9.2a1) Gecko/20090806 Namoroka/3.6a1 (.NET CLR 3.5.30729)"
82.123.210.189 - - [09/Oct/2009:22:06:38 +0200] "GET /vittel/marc_dumailleau.gif HTTP/1.1" 200 9616 "http://temp.thover.com/vittel/" "Mozilla/5.0 (Windows; U; Windows NT 5.1; en-US; rv:1.9.2a1) Gecko/20090806 Namoroka/3.6a1 (.NET CLR 3.5.30729)"
82.123.210.189 - - [09/Oct/2009:22:06:38 +0200] "GET /vittel/marc_dumailleau_description.gif HTTP/1.1" 200 42234 "http://temp.thover.com/vittel/" "Mozilla/5.0 (Windows; U; Windows NT 5.1; en-US; rv:1.9.2a1) Gecko/20090806 Namoroka/3.6a1 (.NET CLR 3.5.30729)"
82.123.210.189 - - [09/Oct/2009:22:06:38 +0200] "GET /vittel/remy_ancelle.gif HTTP/1.1" 200 11591 "http://temp.thover.com/vittel/" "Mozilla/5.0 (Windows; U; Windows NT 5.1; en-US; rv:1.9.2a1) Gecko/20090806 Namoroka/3.6a1 (.NET CLR 3.5.30729)"
82.123.210.189 - - [09/Oct/2009:22:06:38 +0200] "GET /vittel/remy_ancelle_description.gif HTTP/1.1" 200 42044 "http://temp.thover.com/vittel/" "Mozilla/5.0 (Windows; U; Windows NT 5.1; en-US; rv:1.9.2a1) Gecko/20090806 Namoroka/3.6a1 (.NET CLR 3.5.30729)"
82.123.210.189 - - [09/Oct/2009:22:06:38 +0200] "GET /vittel/thierry_roublard.gif HTTP/1.1" 200 10116 "http://temp.thover.com/vittel/" "Mozilla/5.0 (Windows; U; Windows NT 5.1; en-US; rv:1.9.2a1) Gecko/20090806 Namoroka/3.6a1 (.NET CLR 3.5.30729)"
82.123.210.189 - - [09/Oct/2009:22:06:38 +0200] "GET /vittel/thierry_roublard_description.gif HTTP/1.1" 200 39036 "http://temp.thover.com/vittel/" "Mozilla/5.0 (Windows; U; Windows NT 5.1; en-US; rv:1.9.2a1) Gecko/20090806 Namoroka/3.6a1 (.NET CLR 3.5.30729)"
82.123.210.189 - - [09/Oct/2009:22:06:38 +0200] "GET /vittel/bernard_laplume.gif HTTP/1.1" 200 9719 "http://temp.thover.com/vittel/" "Mozilla/5.0 (Windows; U; Windows NT 5.1; en-US; rv:1.9.2a1) Gecko/20090806 Namoroka/3.6a1 (.NET CLR 3.5.30729)"
82.123.210.189 - - [09/Oct/2009:22:06:38 +0200] "GET /vittel/bernard_laplume_description.gif HTTP/1.1" 200 44595 "http://temp.thover.com/vittel/" "Mozilla/5.0 (Windows; U; Windows NT 5.1; en-US; rv:1.9.2a1) Gecko/20090806 Namoroka/3.6a1 (.NET CLR 3.5.30729)"
82.123.210.189 - - [09/Oct/2009:22:06:38 +0200] "GET /vittel/maria_del_velo.gif HTTP/1.1" 200 31966 "http://temp.thover.com/vittel/" "Mozilla/5.0 (Windows; U; Windows NT 5.1; en-US; rv:1.9.2a1) Gecko/20090806 Namoroka/3.6a1 (.NET CLR 3.5.30729)"
82.123.210.189 - - [09/Oct/2009:22:06:38 +0200] "GET /vittel/maria_del_velo_description.gif HTTP/1.1" 200 45832 "http://temp.thover.com/vittel/" "Mozilla/5.0 (Windows; U; Windows NT 5.1; en-US; rv:1.9.2a1) Gecko/20090806 Namoroka/3.6a1 (.NET CLR 3.5.30729)"
82.123.210.189 - - [09/Oct/2009:22:06:38 +0200] "GET /vittel/vincent_barteau.gif HTTP/1.1" 200 11134 "http://temp.thover.com/vittel/" "Mozilla/5.0 (Windows; U; Windows NT 5.1; en-US; rv:1.9.2a1) Gecko/20090806 Namoroka/3.6a1 (.NET CLR 3.5.30729)"
82.123.210.189 - - [09/Oct/2009:22:06:38 +0200] "GET /vittel/vincent_barteau_description.gif HTTP/1.1" 200 38961 "http://temp.thover.com/vittel/" "Mozilla/5.0 (Windows; U; Windows NT 5.1; en-US; rv:1.9.2a1) Gecko/20090806 Namoroka/3.6a1 (.NET CLR 3.5.30729)"
82.123.210.189 - - [09/Oct/2009:22:06:38 +0200] "GET /vittel/newsletter_button.gif HTTP/1.1" 200 6999 "http://temp.thover.com/vittel/" "Mozilla/5.0 (Windows; U; Windows NT 5.1; en-US; rv:1.9.2a1) Gecko/20090806 Namoroka/3.6a1 (.NET CLR 3.5.30729)"
82.123.210.189 - - [09/Oct/2009:22:06:39 +0200] "GET /vittel/jesuisfan.gif HTTP/1.1" 200 2170 "http://temp.thover.com/vittel/" "Mozilla/5.0 (Windows; U; Windows NT 5.1; en-US; rv:1.9.2a1) Gecko/20090806 Namoroka/3.6a1 (.NET CLR 3.5.30729)"
82.123.210.189 - - [09/Oct/2009:22:06:39 +0200] "GET /vittel/newsletter.html HTTP/1.1" 200 1503 "http://temp.thover.com/vittel/" "Mozilla/5.0 (Windows; U; Windows NT 5.1; en-US; rv:1.9.2a1) Gecko/20090806 Namoroka/3.6a1 (.NET CLR 3.5.30729)"
82.123.210.189 - - [09/Oct/2009:22:06:39 +0200] "GET /vittel/jesuisfan.html HTTP/1.1" 200 724 "http://temp.thover.com/vittel/" "Mozilla/5.0 (Windows; U; Windows NT 5.1; en-US; rv:1.9.2a1) Gecko/20090806 Namoroka/3.6a1 (.NET CLR 3.5.30729)"
82.123.210.189 - - [09/Oct/2009:22:06:39 +0200] "GET /vittel/bottom_bg.gif HTTP/1.1" 200 23053 "http://temp.thover.com/vittel/teasing.css" "Mozilla/5.0 (Windows; U; Windows NT 5.1; en-US; rv:1.9.2a1) Gecko/20090806 Namoroka/3.6a1 (.NET CLR 3.5.30729)"
82.123.210.189 - - [09/Oct/2009:22:06:39 +0200] "GET /vittel/newsletter_top.gif HTTP/1.1" 200 3433 "http://temp.thover.com/vittel/newsletter.html" "Mozilla/5.0 (Windows; U; Windows NT 5.1; en-US; rv:1.9.2a1) Gecko/20090806 Namoroka/3.6a1 (.NET CLR 3.5.30729)"
82.123.210.189 - - [09/Oct/2009:22:06:39 +0200] "GET /vittel/newsletter_nom.gif HTTP/1.1" 200 424 "http://temp.thover.com/vittel/newsletter.html" "Mozilla/5.0 (Windows; U; Windows NT 5.1; en-US; rv:1.9.2a1) Gecko/20090806 Namoroka/3.6a1 (.NET CLR 3.5.30729)"
82.123.210.189 - - [09/Oct/2009:22:06:39 +0200] "GET /vittel/newsletter_mail.gif HTTP/1.1" 200 768 "http://temp.thover.com/vittel/newsletter.html" "Mozilla/5.0 (Windows; U; Windows NT 5.1; en-US; rv:1.9.2a1) Gecko/20090806 Namoroka/3.6a1 (.NET CLR 3.5.30729)"
82.123.210.189 - - [09/Oct/2009:22:06:39 +0200] "GET /vittel/newsletter_conditions.gif HTTP/1.1" 200 586 "http://temp.thover.com/vittel/newsletter.html" "Mozilla/5.0 (Windows; U; Windows NT 5.1; en-US; rv:1.9.2a1) Gecko/20090806 Namoroka/3.6a1 (.NET CLR 3.5.30729)"
82.123.210.189 - - [09/Oct/2009:22:06:39 +0200] "GET /vittel/newsletter_je_minscris.gif HTTP/1.1" 200 619 "http://temp.thover.com/vittel/newsletter.html" "Mozilla/5.0 (Windows; U; Windows NT 5.1; en-US; rv:1.9.2a1) Gecko/20090806 Namoroka/3.6a1 (.NET CLR 3.5.30729)"
82.123.210.189 - - [09/Oct/2009:22:06:39 +0200] "GET /vittel/jesuisfan_description.gif HTTP/1.1" 200 37985 "http://temp.thover.com/vittel/jesuisfan.html" "Mozilla/5.0 (Windows; U; Windows NT 5.1; en-US; rv:1.9.2a1) Gecko/20090806 Namoroka/3.6a1 (.NET CLR 3.5.30729)"
82.123.210.189 - - [09/Oct/2009:22:06:39 +0200] "GET /vittel/highslide/graphics/loader.white.gif HTTP/1.1" 200 673 "http://temp.thover.com/vittel/highslide/highslide.css" "Mozilla/5.0 (Windows; U; Windows NT 5.1; en-US; rv:1.9.2a1) Gecko/20090806 Namoroka/3.6a1 (.NET CLR 3.5.30729)"
82.123.210.189 - - [09/Oct/2009:22:06:39 +0200] "GET /vittel/highslide/graphics/zoomout.cur HTTP/1.1" 200 326 "http://temp.thover.com/vittel/" "Mozilla/5.0 (Windows; U; Windows NT 5.1; en-US; rv:1.9.2a1) Gecko/20090806 Namoroka/3.6a1 (.NET CLR 3.5.30729)"
82.123.210.189 - - [09/Oct/2009:22:06:39 +0200] "GET /vittel/highslide/graphics/outlines/drop-shadow.png HTTP/1.1" 200 2091 "http://temp.thover.com/vittel/" "Mozilla/5.0 (Windows; U; Windows NT 5.1; en-US; rv:1.9.2a1) Gecko/20090806 Namoroka/3.6a1 (.NET CLR 3.5.30729)"
82.123.210.189 - - [09/Oct/2009:22:06:41 +0200] "GET /leforum.nl/ HTTP/1.1" 200 983 "http://temp.thover.com/" "Mozilla/5.0 (Windows; U; Windows NT 5.1; en-US; rv:1.9.2a1) Gecko/20090806 Namoroka/3.6a1 (.NET CLR 3.5.30729)"
82.123.210.189 - - [09/Oct/2009:22:06:41 +0200] "GET /icons/blank.gif HTTP/1.1" 304 - "http://temp.thover.com/leforum.nl/" "Mozilla/5.0 (Windows; U; Windows NT 5.1; en-US; rv:1.9.2a1) Gecko/20090806 Namoroka/3.6a1 (.NET CLR 3.5.30729)"
82.123.210.189 - - [09/Oct/2009:22:06:41 +0200] "GET /icons/back.gif HTTP/1.1" 304 - "http://temp.thover.com/leforum.nl/" "Mozilla/5.0 (Windows; U; Windows NT 5.1; en-US; rv:1.9.2a1) Gecko/20090806 Namoroka/3.6a1 (.NET CLR 3.5.30729)"
82.123.210.189 - - [09/Oct/2009:22:06:41 +0200] "GET /icons/image2.gif HTTP/1.1" 304 - "http://temp.thover.com/leforum.nl/" "Mozilla/5.0 (Windows; U; Windows NT 5.1; en-US; rv:1.9.2a1) Gecko/20090806 Namoroka/3.6a1 (.NET CLR 3.5.30729)"
82.123.210.189 - - [09/Oct/2009:22:06:43 +0200] "GET /leforum.nl/taalinstelling.jpg HTTP/1.1" 200 162870 "http://temp.thover.com/leforum.nl/" "Mozilla/5.0 (Windows; U; Windows NT 5.1; en-US; rv:1.9.2a1) Gecko/20090806 Namoroka/3.6a1 (.NET CLR 3.5.30729)"
82.123.210.189 - - [09/Oct/2009:22:06:47 +0200] "GET /infofrankrijk/ HTTP/1.1" 200 2177 "http://temp.thover.com/" "Mozilla/5.0 (Windows; U; Windows NT 5.1; en-US; rv:1.9.2a1) Gecko/20090806 Namoroka/3.6a1 (.NET CLR 3.5.30729)"
82.123.210.189 - - [09/Oct/2009:22:06:48 +0200] "GET /icons/blank.gif HTTP/1.1" 304 - "http://temp.thover.com/infofrankrijk/" "Mozilla/5.0 (Windows; U; Windows NT 5.1; en-US; rv:1.9.2a1) Gecko/20090806 Namoroka/3.6a1 (.NET CLR 3.5.30729)"
82.123.210.189 - - [09/Oct/2009:22:06:48 +0200] "GET /icons/back.gif HTTP/1.1" 304 - "http://temp.thover.com/infofrankrijk/" "Mozilla/5.0 (Windows; U; Windows NT 5.1; en-US; rv:1.9.2a1) Gecko/20090806 Namoroka/3.6a1 (.NET CLR 3.5.30729)"
82.123.210.189 - - [09/Oct/2009:22:06:48 +0200] "GET /icons/image2.gif HTTP/1.1" 304 - "http://temp.thover.com/infofrankrijk/" "Mozilla/5.0 (Windows; U; Windows NT 5.1; en-US; rv:1.9.2a1) Gecko/20090806 Namoroka/3.6a1 (.NET CLR 3.5.30729)"
82.123.210.189 - - [09/Oct/2009:22:06:50 +0200] "GET /infofrankrijk/debitbydt.png HTTP/1.1" 200 158800 "http://temp.thover.com/infofrankrijk/" "Mozilla/5.0 (Windows; U; Windows NT 5.1; en-US; rv:1.9.2a1) Gecko/20090806 Namoroka/3.6a1 (.NET CLR 3.5.30729)"
82.123.210.189 - - [09/Oct/2009:22:06:59 +0200] "GET /infofrankrijk/debitbyft.gif HTTP/1.1" 200 12144 "http://temp.thover.com/infofrankrijk/" "Mozilla/5.0 (Windows; U; Windows NT 5.1; en-US; rv:1.9.2a1) Gecko/20090806 Namoroka/3.6a1 (.NET CLR 3.5.30729)"
82.123.210.189 - - [09/Oct/2009:22:09:00 +0200] "GET /infofrankrijk/debitbydt.png HTTP/1.1" 304 - "http://temp.thover.com/infofrankrijk/" "Mozilla/5.0 (Windows; U; Windows NT 5.1; en-US; rv:1.9.2a1) Gecko/20090806 Namoroka/3.6a1 (.NET CLR 3.5.30729)"
67.218.116.134 - - [10/Oct/2009:03:24:41 +0200] "GET /leforum.nl/?M=D HTTP/1.0" 200 983 "-" "Mozilla/5.0 (Twiceler-0.9 http://www.cuil.com/twiceler/robot.html)"
67.218.116.134 - - [10/Oct/2009:04:02:20 +0200] "GET /?D=D HTTP/1.0" 200 5359 "-" "Mozilla/5.0 (Twiceler-0.9 http://www.cuil.com/twiceler/robot.html)"
67.218.116.134 - - [10/Oct/2009:04:57:48 +0200] "GET /vda/index.php/praktijk/scholing/index.htm HTTP/1.0" 404 396 "-" "Mozilla/5.0 (Twiceler-0.9 http://www.cuil.com/twiceler/robot.html)"
67.218.116.134 - - [10/Oct/2009:05:53:07 +0200] "GET /temp/?C=M;O=A HTTP/1.0" 200 958 "-" "Mozilla/5.0 (Twiceler-0.9 http://www.cuil.com/twiceler/robot.html)"
67.218.116.134 - - [10/Oct/2009:06:11:21 +0200] "GET /leforum.nl/?C=N;O=D HTTP/1.0" 200 983 "-" "Mozilla/5.0 (Twiceler-0.9 http://www.cuil.com/twiceler/robot.html)"
67.218.116.134 - - [10/Oct/2009:06:23:42 +0200] "GET /vittel/index.html HTTP/1.0" 200 10906 "-" "Mozilla/5.0 (Twiceler-0.9 http://www.cuil.com/twiceler/robot.html)"
67.218.116.134 - - [10/Oct/2009:06:29:52 +0200] "GET /temp/?N=A HTTP/1.0" 200 958 "-" "Mozilla/5.0 (Twiceler-0.9 http://www.cuil.com/twiceler/robot.html)"
67.218.116.134 - - [10/Oct/2009:07:06:34 +0200] "GET /temp/?S=A HTTP/1.0" 200 958 "-" "Mozilla/5.0 (Twiceler-0.9 http://www.cuil.com/twiceler/robot.html)"
67.218.116.134 - - [10/Oct/2009:07:24:45 +0200] "GET /robots.txt HTTP/1.0" 404 365 "-" "Mozilla/5.0 (Twiceler-0.9 http://www.cuil.com/twiceler/robot.html)"
67.218.116.134 - - [10/Oct/2009:07:44:00 +0200] "GET /infofrankrijk/?C=D;O=A HTTP/1.0" 200 2177 "-" "Mozilla/5.0 (Twiceler-0.9 http://www.cuil.com/twiceler/robot.html)"
67.218.116.134 - - [10/Oct/2009:08:15:30 +0200] "GET /vda/index.php/veel-gestelde-vragen/4-veel-gestelde-vragen/11-zijn-de-geneesmiddelen-verslavend/index.htm HTTP/1.0" 404 459 "-" "Mozilla/5.0 (Twiceler-0.9 http://www.cuil.com/twiceler/robot.html)"
67.218.116.134 - - [10/Oct/2009:08:21:38 +0200] "GET /vda/index.php/veel-gestelde-vragen/4-veel-gestelde-vragen/22-kan-een-homeopatische-verdunning-werken_27B58D12 HTTP/1.0" 404 464 "-" "Mozilla/5.0 (Twiceler-0.9 http://www.cuil.com/twiceler/robot.html)"
67.218.116.134 - - [10/Oct/2009:09:35:08 +0200] "GET /infofrankrijk/?C=N;O=A HTTP/1.0" 200 2177 "-" "Mozilla/5.0 (Twiceler-0.9 http://www.cuil.com/twiceler/robot.html)"
67.218.116.134 - - [10/Oct/2009:10:11:22 +0200] "GET /vda/index.php/veel-gestelde-vragen/4-veel-gestelde-vragen/10-hoe-werkt-homeopathie_27B58D12 HTTP/1.0" 404 446 "-" "Mozilla/5.0 (Twiceler-0.9 http://www.cuil.com/twiceler/robot.html)"
67.218.116.134 - - [10/Oct/2009:10:29:27 +0200] "GET /leforum.nl/?C=M;O=D HTTP/1.0" 200 983 "-" "Mozilla/5.0 (Twiceler-0.9 http://www.cuil.com/twiceler/robot.html)"
67.218.116.134 - - [10/Oct/2009:10:34:38 +0200] "GET /vda/index.php/praktijk/kwaliteitswaarborg/index.htm HTTP/1.0" 404 406 "-" "Mozilla/5.0 (Twiceler-0.9 http://www.cuil.com/twiceler/robot.html)"
67.218.116.134 - - [10/Oct/2009:12:27:04 +0200] "GET /?M=A HTTP/1.0" 200 5359 "-" "Mozilla/5.0 (Twiceler-0.9 http://www.cuil.com/twiceler/robot.html)"
82.123.210.189 - - [10/Oct/2009:12:56:29 +0200] "GET /infofrankrijk/debitbydt.png HTTP/1.1" 200 158800 "-" "Mozilla/5.0 (Windows; U; Windows NT 5.1; en-US; rv:1.9.2a1) Gecko/20090806 Namoroka/3.6a1 (.NET CLR 3.5.30729)"
67.218.116.134 - - [10/Oct/2009:12:56:30 +0200] "GET /brice/?N=D HTTP/1.0" 200 1178 "-" "Mozilla/5.0 (Twiceler-0.9 http://www.cuil.com/twiceler/robot.html)"
82.123.210.189 - - [10/Oct/2009:12:56:31 +0200] "GET /infofrankrijk/debitbydt.png HTTP/1.1" 200 158800 "http://temp.thover.com/infofrankrijk/" "Mozilla/5.0 (Windows; U; Windows NT 5.1; en-US; rv:1.9.2a1) Gecko/20090806 Namoroka/3.6a1 (.NET CLR 3.5.30729)"
67.218.116.134 - - [10/Oct/2009:13:01:59 +0200] "GET /vda/index.php/praktijk/2-praktijk/5-praktijk_27B58D12 HTTP/1.0" 404 408 "-" "Mozilla/5.0 (Twiceler-0.9 http://www.cuil.com/twiceler/robot.html)"
92.140.15.166 - - [10/Oct/2009:13:57:16 +0200] "GET /infofrankrijk/debitbydt.png HTTP/1.1" 200 158800 "-" "Mozilla/5.0 (Windows; U; Windows NT 5.1; en-US; rv:1.9.2a1) Gecko/20090806 Namoroka/3.6a1 (.NET CLR 3.5.30729)"
92.140.15.166 - - [10/Oct/2009:13:57:17 +0200] "GET /infofrankrijk/debitbydt.png HTTP/1.1" 200 158800 "http://temp.thover.com/infofrankrijk/" "Mozilla/5.0 (Windows; U; Windows NT 5.1; en-US; rv:1.9.2a1) Gecko/20090806 Namoroka/3.6a1 (.NET CLR 3.5.30729)"
67.218.116.134 - - [10/Oct/2009:14:03:27 +0200] "GET /temp/?C=N;O=A HTTP/1.0" 200 958 "-" "Mozilla/5.0 (Twiceler-0.9 http://www.cuil.com/twiceler/robot.html)"
67.218.116.134 - - [10/Oct/2009:16:07:15 +0200] "GET /brice/?C=M;O=A HTTP/1.0" 200 1178 "-" "Mozilla/5.0 (Twiceler-0.9 http://www.cuil.com/twiceler/robot.html)"
67.218.116.134 - - [10/Oct/2009:19:00:42 +0200] "GET /leforum.nl/?D=A HTTP/1.0" 200 983 "-" "Mozilla/5.0 (Twiceler-0.9 http://www.cuil.com/twiceler/robot.html)"
67.218.116.134 - - [10/Oct/2009:20:22:35 +0200] "GET /temp/?C=S;O=A HTTP/1.0" 200 958 "-" "Mozilla/5.0 (Twiceler-0.9 http://www.cuil.com/twiceler/robot.html)"
67.218.116.134 - - [10/Oct/2009:20:40:34 +0200] "GET /leforum.nl/?N=D HTTP/1.0" 200 983 "-" "Mozilla/5.0 (Twiceler-0.9 http://www.cuil.com/twiceler/robot.html)"
67.218.116.134 - - [10/Oct/2009:22:25:12 +0200] "GET /vda/index.php/homeopathie/kinderen/index.htm HTTP/1.0" 404 399 "-" "Mozilla/5.0 (Twiceler-0.9 http://www.cuil.com/twiceler/robot.html)"
67.218.116.134 - - [10/Oct/2009:23:02:32 +0200] "GET /vda/index.php/homeopathie/index.htm HTTP/1.0" 404 390 "-" "Mozilla/5.0 (Twiceler-0.9 http://www.cuil.com/twiceler/robot.html)"
67.218.116.134 - - [10/Oct/2009:23:39:08 +0200] "GET /vda/index.php/actueel/5-actueel/21-homeopathie-en-allergie_27B58D12 HTTP/1.0" 404 422 "-" "Mozilla/5.0 (Twiceler-0.9 http://www.cuil.com/twiceler/robot.html)"
67.218.116.134 - - [11/Oct/2009:00:40:01 +0200] "GET /vda/index.php/homeopathie/de-essentie/index.htm HTTP/1.0" 404 402 "-" "Mozilla/5.0 (Twiceler-0.9 http://www.cuil.com/twiceler/robot.html)"
67.218.116.134 - - [11/Oct/2009:02:14:21 +0200] "GET /vda/ HTTP/1.0" 404 359 "-" "Mozilla/5.0 (Twiceler-0.9 http://www.cuil.com/twiceler/robot.html)"
67.218.116.134 - - [11/Oct/2009:02:32:42 +0200] "GET /infofrankrijk/?M=A HTTP/1.0" 200 2177 "-" "Mozilla/5.0 (Twiceler-0.9 http://www.cuil.com/twiceler/robot.html)"
67.218.116.134 - - [11/Oct/2009:06:42:22 +0200] "GET /?C=N;O=D HTTP/1.0" 200 5359 "-" "Mozilla/5.0 (Twiceler-0.9 http://www.cuil.com/twiceler/robot.html)"
67.218.116.134 - - [11/Oct/2009:06:47:57 +0200] "GET /?C=D;O=D HTTP/1.0" 200 5359 "-" "Mozilla/5.0 (Twiceler-0.9 http://www.cuil.com/twiceler/robot.html)"
67.218.116.134 - - [11/Oct/2009:07:20:57 +0200] "GET /brice/?C=N;O=A HTTP/1.0" 200 1178 "-" "Mozilla/5.0 (Twiceler-0.9 http://www.cuil.com/twiceler/robot.html)"
67.218.116.134 - - [11/Oct/2009:07:26:40 +0200] "GET /?N=D HTTP/1.0" 200 5359 "-" "Mozilla/5.0 (Twiceler-0.9 http://www.cuil.com/twiceler/robot.html)"
67.218.116.134 - - [11/Oct/2009:07:34:26 +0200] "GET /robots.txt HTTP/1.0" 404 365 "-" "Mozilla/5.0 (Twiceler-0.9 http://www.cuil.com/twiceler/robot.html)"
67.218.116.134 - - [11/Oct/2009:08:33:31 +0200] "GET /infofrankrijk/?C=N;O=D HTTP/1.0" 200 2177 "-" "Mozilla/5.0 (Twiceler-0.9 http://www.cuil.com/twiceler/robot.html)"
67.218.116.134 - - [11/Oct/2009:10:07:34 +0200] "GET /infofrankrijk/?C=S;O=D HTTP/1.0" 200 2177 "-" "Mozilla/5.0 (Twiceler-0.9 http://www.cuil.com/twiceler/robot.html)"
90.46.252.123 - - [11/Oct/2009:14:19:42 +0200] "GET /infofrankrijk/debitbydt.png HTTP/1.1" 200 158800 "-" "Mozilla/5.0 (Windows; U; Windows NT 5.1; en-US; rv:1.9.2a1) Gecko/20090806 Namoroka/3.6a1 (.NET CLR 3.5.30729)"
90.46.252.123 - - [11/Oct/2009:14:20:07 +0200] "GET /infofrankrijk/debitbydt.png HTTP/1.1" 200 158800 "http://temp.thover.com/infofrankrijk/" "Mozilla/5.0 (Windows; U; Windows NT 5.1; en-US; rv:1.9.2a1) Gecko/20090806 Namoroka/3.6a1 (.NET CLR 3.5.30729)"
83.167.62.172 - - [11/Oct/2009:18:40:24 +0200] "GET /robots.txt HTTP/1.1" 404 365 "-" "Mozilla/5.0 (compatible; Exabot/3.0 (BiggerBetter); +http://www.exabot.com/go/robot)"
83.167.62.172 - - [11/Oct/2009:18:40:24 +0200] "GET / HTTP/1.1" 200 5359 "-" "Mozilla/5.0 (compatible; Exabot/3.0 (BiggerBetter); +http://www.exabot.com/go/robot)"
67.218.116.134 - - [12/Oct/2009:07:20:18 +0200] "GET /robots.txt HTTP/1.0" 404 365 "-" "Mozilla/5.0 (Twiceler-0.9 http://www.cuil.com/twiceler/robot.html)"
67.218.116.134 - - [13/Oct/2009:07:20:10 +0200] "GET /robots.txt HTTP/1.0" 404 365 "-" "Mozilla/5.0 (Twiceler-0.9 http://www.cuil.com/twiceler/robot.html)"
92.140.78.15 - - [13/Oct/2009:20:51:52 +0200] "GET /infofrankrijk/debitbydt.png HTTP/1.1" 200 158800 "-" "Mozilla/5.0 (Windows; U; Windows NT 5.1; en-US; rv:1.9.2a1) Gecko/20090806 Namoroka/3.6a1 (.NET CLR 3.5.30729)"
92.140.78.15 - - [13/Oct/2009:20:51:54 +0200] "GET /infofrankrijk/debitbydt.png HTTP/1.1" 200 158800 "http://temp.thover.com/infofrankrijk/" "Mozilla/5.0 (Windows; U; Windows NT 5.1; en-US; rv:1.9.2a1) Gecko/20090806 Namoroka/3.6a1 (.NET CLR 3.5.30729)"
67.218.116.134 - - [14/Oct/2009:07:20:08 +0200] "GET /robots.txt HTTP/1.0" 404 365 "-" "Mozilla/5.0 (Twiceler-0.9 http://www.cuil.com/twiceler/robot.html)"
67.218.116.134 - - [15/Oct/2009:12:21:30 +0200] "GET /robots.txt HTTP/1.0" 404 365 "-" "Mozilla/5.0 (Twiceler-0.9 http://www.cuil.com/twiceler/robot.html)"
67.218.116.134 - - [16/Oct/2009:07:15:49 +0200] "GET /robots.txt HTTP/1.0" 404 365 "-" "Mozilla/5.0 (Twiceler-0.9 http://www.cuil.com/twiceler/robot.html)"
67.218.116.134 - - [17/Oct/2009:07:15:32 +0200] "GET /robots.txt HTTP/1.0" 404 365 "-" "Mozilla/5.0 (Twiceler-0.9 http://www.cuil.com/twiceler/robot.html)"
67.218.116.134 - - [18/Oct/2009:07:20:08 +0200] "GET /robots.txt HTTP/1.0" 404 365 "-" "Mozilla/5.0 (Twiceler-0.9 http://www.cuil.com/twiceler/robot.html)"
67.218.116.134 - - [19/Oct/2009:07:20:23 +0200] "GET /robots.txt HTTP/1.0" 404 365 "-" "Mozilla/5.0 (Twiceler-0.9 http://www.cuil.com/twiceler/robot.html)"
67.218.116.134 - - [20/Oct/2009:02:07:20 +0200] "GET /brice/?C=D;O=A HTTP/1.0" 200 1178 "-" "Mozilla/5.0 (Twiceler-0.9 http://www.cuil.com/twiceler/robot.html)"
67.218.116.134 - - [20/Oct/2009:11:43:01 +0200] "GET /error_log HTTP/1.0" 200 3681 "-" "Mozilla/5.0 (Twiceler-0.9 http://www.cuil.com/twiceler/robot.html)"
67.218.116.134 - - [20/Oct/2009:13:51:38 +0200] "GET /leforum.nl/?C=N;O=A HTTP/1.0" 200 983 "-" "Mozilla/5.0 (Twiceler-0.9 http://www.cuil.com/twiceler/robot.html)"
67.218.116.134 - - [20/Oct/2009:14:46:45 +0200] "GET /leforum.nl/?C=S;O=A HTTP/1.0" 200 983 "-" "Mozilla/5.0 (Twiceler-0.9 http://www.cuil.com/twiceler/robot.html)"
67.218.116.134 - - [20/Oct/2009:15:38:31 +0200] "GET /robots.txt HTTP/1.0" 404 365 "-" "Mozilla/5.0 (Twiceler-0.9 http://www.cuil.com/twiceler/robot.html)"
67.218.116.134 - - [20/Oct/2009:17:17:55 +0200] "GET /brice/?C=N;O=D HTTP/1.0" 200 1178 "-" "Mozilla/5.0 (Twiceler-0.9 http://www.cuil.com/twiceler/robot.html)"
67.218.116.134 - - [20/Oct/2009:20:18:07 +0200] "GET /leforum.nl/?C=D;O=A HTTP/1.0" 200 983 "-" "Mozilla/5.0 (Twiceler-0.9 http://www.cuil.com/twiceler/robot.html)"
67.218.116.134 - - [21/Oct/2009:00:05:28 +0200] "GET /infofrankrijk/?C=M;O=A HTTP/1.0" 200 2177 "-" "Mozilla/5.0 (Twiceler-0.9 http://www.cuil.com/twiceler/robot.html)"
67.218.116.134 - - [21/Oct/2009:15:21:46 +0200] "GET /robots.txt HTTP/1.0" 404 365 "-" "Mozilla/5.0 (Twiceler-0.9 http://www.cuil.com/twiceler/robot.html)"
67.218.116.134 - - [21/Oct/2009:23:52:03 +0200] "GET /brice/?C=S;O=D HTTP/1.0" 200 1178 "-" "Mozilla/5.0 (Twiceler-0.9 http://www.cuil.com/twiceler/robot.html)"
67.218.116.134 - - [22/Oct/2009:15:26:29 +0200] "GET /robots.txt HTTP/1.0" 404 365 "-" "Mozilla/5.0 (Twiceler-0.9 http://www.cuil.com/twiceler/robot.html)"
67.218.116.134 - - [23/Oct/2009:02:39:37 +0200] "GET /?C=S;O=D HTTP/1.0" 200 5359 "-" "Mozilla/5.0 (Twiceler-0.9 http://www.cuil.com/twiceler/robot.html)"
67.218.116.134 - - [23/Oct/2009:07:17:48 +0200] "GET /temp/?C=S;O=D HTTP/1.0" 200 958 "-" "Mozilla/5.0 (Twiceler-0.9 http://www.cuil.com/twiceler/robot.html)"
67.218.116.134 - - [23/Oct/2009:11:04:32 +0200] "GET /temp/?C=D;O=D HTTP/1.0" 200 958 "-" "Mozilla/5.0 (Twiceler-0.9 http://www.cuil.com/twiceler/robot.html)"
67.218.116.134 - - [23/Oct/2009:13:17:59 +0200] "GET /brice/?C=D;O=D HTTP/1.0" 200 1178 "-" "Mozilla/5.0 (Twiceler-0.9 http://www.cuil.com/twiceler/robot.html)"
67.218.116.134 - - [23/Oct/2009:13:22:11 +0200] "GET /?C=M;O=D HTTP/1.0" 200 5359 "-" "Mozilla/5.0 (Twiceler-0.9 http://www.cuil.com/twiceler/robot.html)"
67.218.116.134 - - [23/Oct/2009:14:12:30 +0200] "GET /leforum.nl/?C=S;O=D HTTP/1.0" 200 983 "-" "Mozilla/5.0 (Twiceler-0.9 http://www.cuil.com/twiceler/robot.html)"
74.6.22.94 - - [23/Oct/2009:14:44:13 +0200] "GET /robots.txt HTTP/1.0" 404 365 "-" "Mozilla/5.0 (compatible; Yahoo! Slurp; http://help.yahoo.com/help/us/ysearch/slurp)"
74.6.22.94 - - [23/Oct/2009:14:44:13 +0200] "GET / HTTP/1.0" 200 5359 "-" "Mozilla/5.0 (compatible; Yahoo! Slurp/3.0; http://help.yahoo.com/help/us/ysearch/slurp)"
67.218.116.134 - - [23/Oct/2009:16:25:43 +0200] "GET /robots.txt HTTP/1.0" 404 365 "-" "Mozilla/5.0 (Twiceler-0.9 http://www.cuil.com/twiceler/robot.html)"
67.218.116.134 - - [23/Oct/2009:19:23:26 +0200] "GET /leforum.nl/?C=D;O=D HTTP/1.0" 200 983 "-" "Mozilla/5.0 (Twiceler-0.9 http://www.cuil.com/twiceler/robot.html)"
67.218.116.134 - - [24/Oct/2009:15:52:53 +0200] "GET /robots.txt HTTP/1.0" 404 365 "-" "Mozilla/5.0 (Twiceler-0.9 http://www.cuil.com/twiceler/robot.html)"
67.218.116.134 - - [25/Oct/2009:14:31:52 +0100] "GET /robots.txt HTTP/1.0" 404 365 "-" "Mozilla/5.0 (Twiceler-0.9 http://www.cuil.com/twiceler/robot.html)"
67.218.116.134 - - [26/Oct/2009:14:32:05 +0100] "GET /robots.txt HTTP/1.0" 404 365 "-" "Mozilla/5.0 (Twiceler-0.9 http://www.cuil.com/twiceler/robot.html)"
67.218.116.134 - - [27/Oct/2009:14:36:52 +0100] "GET /robots.txt HTTP/1.0" 404 365 "-" "Mozilla/5.0 (Twiceler-0.9 http://www.cuil.com/twiceler/robot.html)"
194.51.20.126 - - [27/Oct/2009:17:33:17 +0100] "GET /orangedansletour.234x60.gif HTTP/1.1" 200 9701 "-" "Mozilla/4.0 (compatible; MSIE 6.0; Windows NT 5.1; SV1; [eburo v2.0]; .NET CLR 1.1.4322)"
67.218.116.134 - - [27/Oct/2009:19:47:52 +0100] "GET /access_log HTTP/1.0" 200 31835 "-" "Mozilla/5.0 (Twiceler-0.9 http://www.cuil.com/twiceler/robot.html)"
66.249.65.216 - - [27/Oct/2009:20:11:37 +0100] "GET /robots.txt HTTP/1.1" 404 365 "-" "Mozilla/5.0 (compatible; Googlebot/2.1; +http://www.google.com/bot.html)"
66.249.65.216 - - [27/Oct/2009:20:11:37 +0100] "GET /FT-Tele2/ HTTP/1.1" 404 364 "-" "Mozilla/5.0 (compatible; Googlebot/2.1; +http://www.google.com/bot.html)"
66.249.65.216 - - [28/Oct/2009:06:21:48 +0100] "GET /prise_en_T.jpg HTTP/1.1" 304 - "-" "Googlebot-Image/1.0"
67.218.116.134 - - [29/Oct/2009:10:01:28 +0100] "GET /temp/?C=M;O=D HTTP/1.0" 200 958 "-" "Mozilla/5.0 (Twiceler-0.9 http://www.cuil.com/twiceler/robot.html)"
67.218.116.134 - - [29/Oct/2009:10:40:42 +0100] "GET /infofrankrijk/?C=D;O=D HTTP/1.0" 200 2177 "-" "Mozilla/5.0 (Twiceler-0.9 http://www.cuil.com/twiceler/robot.html)"
67.218.116.134 - - [29/Oct/2009:12:52:14 +0100] "GET /temp/lootjes.php HTTP/1.0" 200 264 "-" "Mozilla/5.0 (Twiceler-0.9 http://www.cuil.com/twiceler/robot.html)"
67.218.116.134 - - [30/Oct/2009:16:26:21 +0100] "GET /robots.txt HTTP/1.0" 404 365 "-" "Mozilla/5.0 (Twiceler-0.9 http://www.cuil.com/twiceler/robot.html)"
67.218.116.134 - - [30/Oct/2009:19:11:39 +0100] "GET /infofrankrijk/?C=M;O=D HTTP/1.0" 200 2177 "-" "Mozilla/5.0 (Twiceler-0.9 http://www.cuil.com/twiceler/robot.html)"
67.218.116.134 - - [31/Oct/2009:04:19:08 +0100] "GET /brice/?C=M;O=D HTTP/1.0" 200 1178 "-" "Mozilla/5.0 (Twiceler-0.9 http://www.cuil.com/twiceler/robot.html)"
67.218.116.134 - - [31/Oct/2009:16:03:12 +0100] "GET /robots.txt HTTP/1.0" 404 365 "-" "Mozilla/5.0 (Twiceler-0.9 http://www.cuil.com/twiceler/robot.html)"
67.195.114.219 - - [01/Nov/2009:05:52:21 +0100] "GET /robots.txt HTTP/1.0" 404 365 "-" "Mozilla/5.0 (compatible; Yahoo! Slurp; http://help.yahoo.com/help/us/ysearch/slurp)"
67.195.114.219 - - [01/Nov/2009:05:52:22 +0100] "GET / HTTP/1.0" 200 5359 "-" "Mozilla/5.0 (compatible; Yahoo! Slurp/3.0; http://help.yahoo.com/help/us/ysearch/slurp)"
67.218.116.134 - - [01/Nov/2009:16:07:19 +0100] "GET /robots.txt HTTP/1.0" 404 365 "-" "Mozilla/5.0 (Twiceler-0.9 http://www.cuil.com/twiceler/robot.html)"
67.218.116.134 - - [02/Nov/2009:17:24:15 +0100] "GET /robots.txt HTTP/1.0" 404 365 "-" "Mozilla/5.0 (Twiceler-0.9 http://www.cuil.com/twiceler/robot.html)"
67.218.116.134 - - [03/Nov/2009:17:01:52 +0100] "GET /robots.txt HTTP/1.0" 404 365 "-" "Mozilla/5.0 (Twiceler-0.9 http://www.cuil.com/twiceler/robot.html)"
66.235.124.20 - - [03/Nov/2009:17:32:38 +0100] "GET /robots.txt HTTP/1.1" 404 365 "-" "Mozilla/5.0 (compatible; Ask Jeeves/Teoma; +http://about.ask.com/en/docs/about/webmasters.shtml)"
66.235.124.20 - - [03/Nov/2009:17:32:53 +0100] "GET /email_infofrankrijk_ft_grootkamp.html HTTP/1.1" 200 13882 "-" "Mozilla/5.0 (compatible; Ask Jeeves/Teoma; +http://about.ask.com/en/docs/about/webmasters.shtml)"
83.167.62.172 - - [04/Nov/2009:00:47:51 +0100] "GET /robots.txt HTTP/1.1" 404 365 "-" "Mozilla/5.0 (compatible; Exabot/3.0 (BiggerBetter); +http://www.exabot.com/go/robot)"
83.167.62.172 - - [04/Nov/2009:00:47:51 +0100] "GET /LaMargeUltime-Gerolsteiner.wmv HTTP/1.1" 200 2620852 "-" "Mozilla/5.0 (compatible; Exabot/3.0 (BiggerBetter); +http://www.exabot.com/go/robot)"
66.249.65.216 - - [04/Nov/2009:11:19:15 +0100] "GET /robots.txt HTTP/1.1" 404 365 "-" "Mozilla/5.0 (compatible; Googlebot/2.1; +http://www.google.com/bot.html)"
66.249.65.216 - - [04/Nov/2009:11:19:15 +0100] "GET /FT-Tele2/ HTTP/1.1" 404 364 "-" "Mozilla/5.0 (compatible; Googlebot/2.1; +http://www.google.com/bot.html)"
67.218.116.134 - - [04/Nov/2009:17:13:21 +0100] "GET /robots.txt HTTP/1.0" 404 365 "-" "Mozilla/5.0 (Twiceler-0.9 http://www.cuil.com/twiceler/robot.html)"
67.218.116.134 - - [05/Nov/2009:17:26:34 +0100] "GET /robots.txt HTTP/1.0" 404 365 "-" "Mozilla/5.0 (Twiceler-0.9 http://www.cuil.com/twiceler/robot.html)"
67.218.116.134 - - [06/Nov/2009:17:41:50 +0100] "GET /robots.txt HTTP/1.0" 404 365 "-" "Mozilla/5.0 (Twiceler-0.9 http://www.cuil.com/twiceler/robot.html)"
67.218.116.134 - - [07/Nov/2009:17:05:37 +0100] "GET /robots.txt HTTP/1.0" 404 365 "-" "Mozilla/5.0 (Twiceler-0.9 http://www.cuil.com/twiceler/robot.html)"
67.218.116.134 - - [08/Nov/2009:17:13:53 +0100] "GET /robots.txt HTTP/1.0" 404 365 "-" "Mozilla/5.0 (Twiceler-0.9 http://www.cuil.com/twiceler/robot.html)"
67.218.116.134 - - [09/Nov/2009:17:33:26 +0100] "GET /robots.txt HTTP/1.0" 404 365 "-" "Mozilla/5.0 (Twiceler-0.9 http://www.cuil.com/twiceler/robot.html)"
67.218.116.134 - - [10/Nov/2009:17:11:26 +0100] "GET /robots.txt HTTP/1.0" 404 365 "-" "Mozilla/5.0 (Twiceler-0.9 http://www.cuil.com/twiceler/robot.html)"
194.51.20.126 - - [10/Nov/2009:20:19:03 +0100] "GET /orangedansletour.234x60.gif HTTP/1.1" 200 9701 "-" "Mozilla/4.0 (compatible; MSIE 6.0; Windows NT 5.1; SV1; [eburo v2.0]; .NET CLR 1.1.4322)"
66.249.71.52 - - [12/Nov/2009:01:41:02 +0100] "GET /robots.txt HTTP/1.1" 404 365 "-" "Mozilla/5.0 (compatible; Googlebot/2.1; +http://www.google.com/bot.html)"
66.249.71.52 - - [12/Nov/2009:01:41:02 +0100] "GET /FT-Tele2/ HTTP/1.1" 404 364 "-" "Mozilla/5.0 (compatible; Googlebot/2.1; +http://www.google.com/bot.html)"
67.218.116.134 - - [12/Nov/2009:17:19:44 +0100] "GET /robots.txt HTTP/1.0" 404 365 "-" "Mozilla/5.0 (Twiceler-0.9 http://www.cuil.com/twiceler/robot.html)"
67.218.116.134 - - [13/Nov/2009:17:34:59 +0100] "GET /robots.txt HTTP/1.0" 404 365 "-" "Mozilla/5.0 (Twiceler-0.9 http://www.cuil.com/twiceler/robot.html)"
90.46.166.54 - - [13/Nov/2009:22:33:50 +0100] "GET /ip.php HTTP/1.1" 200 12 "-" "Mozilla/5.0 (Windows; U; Windows NT 5.1; en-US; rv:1.9.1.5) Gecko/20091102 Firefox/3.5.5"
90.46.166.54 - - [13/Nov/2009:22:33:50 +0100] "GET /favicon.ico HTTP/1.1" 404 366 "-" "Mozilla/5.0 (Windows; U; Windows NT 5.1; en-US; rv:1.9.1.5) Gecko/20091102 Firefox/3.5.5"
90.46.166.54 - - [13/Nov/2009:22:33:54 +0100] "GET /favicon.ico HTTP/1.1" 404 366 "-" "Mozilla/5.0 (Windows; U; Windows NT 5.1; en-US; rv:1.9.1.5) Gecko/20091102 Firefox/3.5.5"
92.140.77.4 - - [13/Nov/2009:23:12:53 +0100] "GET /ip.php HTTP/1.1" 200 11 "-" "Mozilla/5.0 (Windows; U; Windows NT 5.1; en-US; rv:1.9.2b2) Gecko/20091108 Firefox/3.6b2 (.NET CLR 3.5.30729)"
92.140.77.4 - - [13/Nov/2009:23:12:53 +0100] "GET /favicon.ico HTTP/1.1" 404 366 "-" "Mozilla/5.0 (Windows; U; Windows NT 5.1; en-US; rv:1.9.2b2) Gecko/20091108 Firefox/3.6b2 (.NET CLR 3.5.30729)"
92.140.77.4 - - [13/Nov/2009:23:12:56 +0100] "GET /favicon.ico HTTP/1.1" 404 366 "-" "Mozilla/5.0 (Windows; U; Windows NT 5.1; en-US; rv:1.9.2b2) Gecko/20091108 Firefox/3.6b2 (.NET CLR 3.5.30729)"
67.218.116.134 - - [14/Nov/2009:17:15:15 +0100] "GET /robots.txt HTTP/1.0" 404 365 "-" "Mozilla/5.0 (Twiceler-0.9 http://www.cuil.com/twiceler/robot.html)"
83.167.62.172 - - [15/Nov/2009:00:27:58 +0100] "GET /robots.txt HTTP/1.1" 404 365 "-" "Mozilla/5.0 (compatible; Exabot/3.0 (BiggerBetter); +http://www.exabot.com/go/robot)"
83.167.62.172 - - [15/Nov/2009:00:27:58 +0100] "GET /?C=M;O=A HTTP/1.1" 200 5359 "-" "Mozilla/5.0 (compatible; Exabot/3.0 (BiggerBetter); +http://www.exabot.com/go/robot)"
90.46.254.112 - - [15/Nov/2009:16:13:41 +0100] "GET / HTTP/1.1" 500 697 "-" "Mozilla/5.0 (compatible; Googlebot/2.1; +http://www.google.com/bot.html)"
90.46.254.112 - - [15/Nov/2009:16:13:41 +0100] "GET /favicon.ico HTTP/1.1" 500 697 "-" "Mozilla/5.0 (compatible; Googlebot/2.1; +http://www.google.com/bot.html)"
90.46.254.112 - - [15/Nov/2009:16:13:44 +0100] "GET /favicon.ico HTTP/1.1" 500 697 "-" "Mozilla/5.0 (compatible; Googlebot/2.1; +http://www.google.com/bot.html)"
90.46.254.112 - - [15/Nov/2009:16:14:50 +0100] "GET / HTTP/1.1" 200 5359 "-" "Mozilla/5.0 (compatible; Googlebot/2.1; +http://www.google.com/bot.html)"
90.46.254.112 - - [15/Nov/2009:16:14:50 +0100] "GET /icons/blank.gif HTTP/1.1" 200 148 "http://temp.thover.com/" "Mozilla/5.0 (compatible; Googlebot/2.1; +http://www.google.com/bot.html)"
90.46.254.112 - - [15/Nov/2009:16:14:50 +0100] "GET /icons/unknown.gif HTTP/1.1" 200 245 "http://temp.thover.com/" "Mozilla/5.0 (compatible; Googlebot/2.1; +http://www.google.com/bot.html)"
90.46.254.112 - - [15/Nov/2009:16:14:50 +0100] "GET /icons/compressed.gif HTTP/1.1" 200 1038 "http://temp.thover.com/" "Mozilla/5.0 (compatible; Googlebot/2.1; +http://www.google.com/bot.html)"
90.46.254.112 - - [15/Nov/2009:16:14:50 +0100] "GET /icons/movie.gif HTTP/1.1" 200 243 "http://temp.thover.com/" "Mozilla/5.0 (compatible; Googlebot/2.1; +http://www.google.com/bot.html)"
90.46.254.112 - - [15/Nov/2009:16:14:50 +0100] "GET /icons/text.gif HTTP/1.1" 200 229 "http://temp.thover.com/" "Mozilla/5.0 (compatible; Googlebot/2.1; +http://www.google.com/bot.html)"
90.46.254.112 - - [15/Nov/2009:16:14:50 +0100] "GET /icons/image2.gif HTTP/1.1" 200 309 "http://temp.thover.com/" "Mozilla/5.0 (compatible; Googlebot/2.1; +http://www.google.com/bot.html)"
90.46.254.112 - - [15/Nov/2009:16:14:50 +0100] "GET /icons/folder.gif HTTP/1.1" 200 225 "http://temp.thover.com/" "Mozilla/5.0 (compatible; Googlebot/2.1; +http://www.google.com/bot.html)"
67.218.116.134 - - [15/Nov/2009:17:17:47 +0100] "GET /robots.txt HTTP/1.0" 404 365 "-" "Mozilla/5.0 (Twiceler-0.9 http://www.cuil.com/twiceler/robot.html)"
67.218.116.134 - - [16/Nov/2009:17:27:51 +0100] "GET /robots.txt HTTP/1.0" 404 365 "-" "Mozilla/5.0 (Twiceler-0.9 http://www.cuil.com/twiceler/robot.html)"
67.218.116.134 - - [17/Nov/2009:17:43:34 +0100] "GET /robots.txt HTTP/1.0" 404 365 "-" "Mozilla/5.0 (Twiceler-0.9 http://www.cuil.com/twiceler/robot.html)"
67.195.113.217 - - [18/Nov/2009:03:30:18 +0100] "GET /robots.txt HTTP/1.0" 404 365 "-" "Mozilla/5.0 (compatible; Yahoo! Slurp; http://help.yahoo.com/help/us/ysearch/slurp)"
67.195.113.217 - - [18/Nov/2009:03:30:18 +0100] "GET /email_infofrankrijk_ft_grootkamp.html HTTP/1.0" 200 13882 "-" "Mozilla/5.0 (compatible; Yahoo! Slurp/3.0; http://help.yahoo.com/help/us/ysearch/slurp)"
67.218.116.134 - - [19/Nov/2009:07:13:18 +0100] "GET /robots.txt HTTP/1.0" 404 365 "-" "Mozilla/5.0 (Twiceler-0.9 http://www.cuil.com/twiceler/robot.html)"
67.218.116.134 - - [20/Nov/2009:07:15:18 +0100] "GET /robots.txt HTTP/1.0" 404 365 "-" "Mozilla/5.0 (Twiceler-0.9 http://www.cuil.com/twiceler/robot.html)"
66.249.71.46 - - [20/Nov/2009:07:24:21 +0100] "GET /robots.txt HTTP/1.1" 404 365 "-" "Mozilla/5.0 (compatible; Googlebot/2.1; +http://www.google.com/bot.html)"
66.249.71.46 - - [20/Nov/2009:07:24:21 +0100] "GET /FT-Tele2/ HTTP/1.1" 404 364 "-" "Mozilla/5.0 (compatible; Googlebot/2.1; +http://www.google.com/bot.html)"
66.249.71.46 - - [20/Nov/2009:16:33:54 +0100] "GET /condensator.jpg HTTP/1.1" 304 - "-" "Googlebot-Image/1.0"
67.218.116.134 - - [21/Nov/2009:07:19:20 +0100] "GET /robots.txt HTTP/1.0" 404 365 "-" "Mozilla/5.0 (Twiceler-0.9 http://www.cuil.com/twiceler/robot.html)"
67.218.116.134 - - [22/Nov/2009:07:19:27 +0100] "GET /robots.txt HTTP/1.0" 404 365 "-" "Mozilla/5.0 (Twiceler-0.9 http://www.cuil.com/twiceler/robot.html)"
67.218.116.134 - - [23/Nov/2009:07:18:32 +0100] "GET /robots.txt HTTP/1.0" 404 365 "-" "Mozilla/5.0 (Twiceler-0.9 http://www.cuil.com/twiceler/robot.html)"
67.195.112.87 - - [23/Nov/2009:16:40:33 +0100] "GET /robots.txt HTTP/1.0" 404 365 "-" "Mozilla/5.0 (compatible; Yahoo! Slurp; http://help.yahoo.com/help/us/ysearch/slurp)"
67.195.112.87 - - [23/Nov/2009:16:40:34 +0100] "GET / HTTP/1.0" 200 5359 "-" "Mozilla/5.0 (compatible; Yahoo! Slurp/3.0; http://help.yahoo.com/help/us/ysearch/slurp)"
67.218.116.134 - - [24/Nov/2009:17:28:24 +0100] "GET /robots.txt HTTP/1.0" 404 365 "-" "Mozilla/5.0 (Twiceler-0.9 http://www.cuil.com/twiceler/robot.html)"
83.167.62.172 - - [24/Nov/2009:17:50:13 +0100] "GET /robots.txt HTTP/1.1" 404 365 "-" "Mozilla/5.0 (compatible; Exabot/3.0 (BiggerBetter); +http://www.exabot.com/go/robot)"
83.167.62.172 - - [24/Nov/2009:17:50:13 +0100] "GET /infofrankrijk/ HTTP/1.1" 200 2177 "-" "Mozilla/5.0 (compatible; Exabot/3.0 (BiggerBetter); +http://www.exabot.com/go/robot)"
83.167.62.172 - - [24/Nov/2009:19:18:06 +0100] "GET /?C=D;O=A HTTP/1.1" 200 5359 "-" "Mozilla/5.0 (compatible; Exabot/3.0 (BiggerBetter); +http://www.exabot.com/go/robot)"
66.235.124.20 - - [25/Nov/2009:18:31:43 +0100] "GET /robots.txt HTTP/1.1" 404 365 "-" "Mozilla/5.0 (compatible; Ask Jeeves/Teoma; +http://about.ask.com/en/docs/about/webmasters.shtml)"
66.235.124.20 - - [25/Nov/2009:18:31:58 +0100] "GET /email_infofrankrijk_ft_grootkamp.html HTTP/1.1" 200 13882 "-" "Mozilla/5.0 (compatible; Ask Jeeves/Teoma; +http://about.ask.com/en/docs/about/webmasters.shtml)"
67.218.116.134 - - [26/Nov/2009:17:41:15 +0100] "GET /robots.txt HTTP/1.0" 404 365 "-" "Mozilla/5.0 (Twiceler-0.9 http://www.cuil.com/twiceler/robot.html)"
67.195.84.242 - - [27/Nov/2009:10:10:37 +0100] "GET / HTTP/1.1" 200 5359 "-" "Nokia6682/2.0 (3.01.1) SymbianOS/8.0 Series60/2.6 Profile/MIDP-2.0 configuration/CLDC-1.1 UP.Link/6.3.0.0.0 (compatible;YahooSeeker/M1A1-R2D2; http://help.yahoo.com/help/us/ysearch/crawling/crawling-01.html)"
83.167.62.172 - - [27/Nov/2009:13:15:14 +0100] "GET /robots.txt HTTP/1.1" 404 365 "-" "Mozilla/5.0 (compatible; Exabot/3.0 (BiggerBetter); +http://www.exabot.com/go/robot)"
83.167.62.172 - - [27/Nov/2009:13:15:14 +0100] "GET /?C=D;O=D HTTP/1.1" 200 5359 "-" "Mozilla/5.0 (compatible; Exabot/3.0 (BiggerBetter); +http://www.exabot.com/go/robot)"
83.167.62.172 - - [27/Nov/2009:15:01:13 +0100] "GET /infofrankrijk/?C=M;O=A HTTP/1.1" 200 2177 "-" "Mozilla/5.0 (compatible; Exabot/3.0 (BiggerBetter); +http://www.exabot.com/go/robot)"
67.195.85.29 - - [27/Nov/2009:15:13:29 +0100] "GET / HTTP/1.1" 200 5359 "-" "Nokia6682/2.0 (3.01.1) SymbianOS/8.0 Series60/2.6 Profile/MIDP-2.0 configuration/CLDC-1.1 UP.Link/6.3.0.0.0 (compatible;YahooSeeker/M1A1-R2D2; http://help.yahoo.com/help/us/ysearch/crawling/crawling-01.html)"
67.218.116.134 - - [27/Nov/2009:17:36:22 +0100] "GET /robots.txt HTTP/1.0" 404 365 "-" "Mozilla/5.0 (Twiceler-0.9 http://www.cuil.com/twiceler/robot.html)"
67.195.84.30 - - [27/Nov/2009:22:39:59 +0100] "GET / HTTP/1.1" 200 5359 "-" "Nokia6682/2.0 (3.01.1) SymbianOS/8.0 Series60/2.6 Profile/MIDP-2.0 configuration/CLDC-1.1 UP.Link/6.3.0.0.0 (compatible;YahooSeeker/M1A1-R2D2; http://help.yahoo.com/help/us/ysearch/crawling/crawling-01.html)"
67.195.81.250 - - [28/Nov/2009:03:42:11 +0100] "GET / HTTP/1.1" 200 5359 "-" "Nokia6682/2.0 (3.01.1) SymbianOS/8.0 Series60/2.6 Profile/MIDP-2.0 configuration/CLDC-1.1 UP.Link/6.3.0.0.0 (compatible;YahooSeeker/M1A1-R2D2; http://help.yahoo.com/help/us/ysearch/crawling/crawling-01.html)"
66.249.71.34 - - [28/Nov/2009:09:02:18 +0100] "GET /robots.txt HTTP/1.1" 404 365 "-" "Mozilla/5.0 (compatible; Googlebot/2.1; +http://www.google.com/bot.html)"
66.249.71.34 - - [28/Nov/2009:09:02:18 +0100] "GET /FT-Tele2/ HTTP/1.1" 404 364 "-" "Mozilla/5.0 (compatible; Googlebot/2.1; +http://www.google.com/bot.html)"
67.195.79.36 - - [28/Nov/2009:11:15:13 +0100] "GET / HTTP/1.1" 200 5359 "-" "Nokia6682/2.0 (3.01.1) SymbianOS/8.0 Series60/2.6 Profile/MIDP-2.0 configuration/CLDC-1.1 UP.Link/6.3.0.0.0 (compatible;YahooSeeker/M1A1-R2D2; http://help.yahoo.com/help/us/ysearch/crawling/crawling-01.html)"
67.195.80.166 - - [28/Nov/2009:16:15:44 +0100] "GET / HTTP/1.1" 200 5359 "-" "Nokia6682/2.0 (3.01.1) SymbianOS/8.0 Series60/2.6 Profile/MIDP-2.0 configuration/CLDC-1.1 UP.Link/6.3.0.0.0 (compatible;YahooSeeker/M1A1-R2D2; http://help.yahoo.com/help/us/ysearch/crawling/crawling-01.html)"
67.218.116.134 - - [28/Nov/2009:17:43:37 +0100] "GET /robots.txt HTTP/1.0" 404 365 "-" "Mozilla/5.0 (Twiceler-0.9 http://www.cuil.com/twiceler/robot.html)"
67.195.70.241 - - [28/Nov/2009:23:48:10 +0100] "GET / HTTP/1.1" 200 5359 "-" "Nokia6682/2.0 (3.01.1) SymbianOS/8.0 Series60/2.6 Profile/MIDP-2.0 configuration/CLDC-1.1 UP.Link/6.3.0.0.0 (compatible;YahooSeeker/M1A1-R2D2; http://help.yahoo.com/help/us/ysearch/crawling/crawling-01.html)"
67.195.85.28 - - [29/Nov/2009:04:42:20 +0100] "GET / HTTP/1.1" 200 5359 "-" "Nokia6682/2.0 (3.01.1) SymbianOS/8.0 Series60/2.6 Profile/MIDP-2.0 configuration/CLDC-1.1 UP.Link/6.3.0.0.0 (compatible;YahooSeeker/M1A1-R2D2; http://help.yahoo.com/help/us/ysearch/crawling/crawling-01.html)"
66.235.124.20 - - [29/Nov/2009:11:02:01 +0100] "GET /robots.txt HTTP/1.1" 404 365 "-" "Mozilla/5.0 (compatible; Ask Jeeves/Teoma; +http://about.ask.com/en/docs/about/webmasters.shtml)"
66.235.124.20 - - [29/Nov/2009:11:02:17 +0100] "GET /email_infofrankrijk_ft_grootkamp.html HTTP/1.1" 200 13882 "-" "Mozilla/5.0 (compatible; Ask Jeeves/Teoma; +http://about.ask.com/en/docs/about/webmasters.shtml)"
67.195.77.158 - - [29/Nov/2009:12:13:14 +0100] "GET / HTTP/1.1" 200 5359 "-" "Nokia6682/2.0 (3.01.1) SymbianOS/8.0 Series60/2.6 Profile/MIDP-2.0 configuration/CLDC-1.1 UP.Link/6.3.0.0.0 (compatible;YahooSeeker/M1A1-R2D2; http://help.yahoo.com/help/us/ysearch/crawling/crawling-01.html)"
67.218.116.134 - - [29/Nov/2009:17:55:16 +0100] "GET /robots.txt HTTP/1.0" 404 365 "-" "Mozilla/5.0 (Twiceler-0.9 http://www.cuil.com/twiceler/robot.html)"
67.218.116.134 - - [30/Nov/2009:18:15:59 +0100] "GET /robots.txt HTTP/1.0" 404 365 "-" "Mozilla/5.0 (Twiceler-0.9 http://www.cuil.com/twiceler/robot.html)"
67.195.111.54 - - [30/Nov/2009:23:09:20 +0100] "GET /robots.txt HTTP/1.0" 404 365 "-" "Mozilla/5.0 (compatible; Yahoo! Slurp; http://help.yahoo.com/help/us/ysearch/slurp)"
67.195.111.54 - - [30/Nov/2009:23:09:22 +0100] "GET /email_infofrankrijk_ft_grootkamp.html HTTP/1.0" 200 13882 "-" "Mozilla/5.0 (compatible; Yahoo! Slurp/3.0; http://help.yahoo.com/help/us/ysearch/slurp)"
67.218.116.134 - - [01/Dec/2009:17:41:13 +0100] "GET /robots.txt HTTP/1.0" 404 365 "-" "Mozilla/5.0 (Twiceler-0.9 http://www.cuil.com/twiceler/robot.html)"
67.218.116.134 - - [02/Dec/2009:18:02:18 +0100] "GET /robots.txt HTTP/1.0" 404 365 "-" "Mozilla/5.0 (Twiceler-0.9 http://www.cuil.com/twiceler/robot.html)"
83.167.62.172 - - [03/Dec/2009:10:34:31 +0100] "GET /robots.txt HTTP/1.1" 404 365 "-" "Mozilla/5.0 (compatible; Exabot/3.0 (BiggerBetter); +http://www.exabot.com/go/robot)"
