83.167.62.172 - - [03/Dec/2009:10:34:31 +0100] "GET /infofrankrijk/?C=S;O=A HTTP/1.1" 200 2177 "-" "Mozilla/5.0 (compatible; Exabot/3.0 (BiggerBetter); +http://www.exabot.com/go/robot)"
195.3.173.130 - - [03/Dec/2009:14:36:14 +0100] "GET /orangedansletour.234x60.gif HTTP/1.1" 200 9701 "-" "Mozilla/4.0 (compatible; MSIE 7.0; Windows NT 5.1; .NET CLR 1.1.4322; .NET CLR 2.0.50727; .NET CLR 3.0.4506.2152; .NET CLR 3.5.30729; MSOffice 12)"
195.3.173.130 - - [03/Dec/2009:14:36:14 +0100] "GET /orangedansletour.234x60.gif HTTP/1.1" 200 9701 "-" "Mozilla/4.0 (compatible; MSIE 7.0; Windows NT 5.1; .NET CLR 1.1.4322; .NET CLR 2.0.50727; .NET CLR 3.0.4506.2152; .NET CLR 3.5.30729; MSOffice 12)"
195.3.173.130 - - [03/Dec/2009:14:36:15 +0100] "GET /orangedansletour.234x60.gif HTTP/1.1" 200 9701 "-" "Mozilla/4.0 (compatible; MSIE 7.0; Windows NT 5.1; .NET CLR 1.1.4322; .NET CLR 2.0.50727; .NET CLR 3.0.4506.2152; .NET CLR 3.5.30729; MSOffice 12)"
195.3.173.130 - - [03/Dec/2009:14:36:15 +0100] "GET /orangedansletour.234x60.gif HTTP/1.1" 200 9701 "-" "Mozilla/4.0 (compatible; MSIE 7.0; Windows NT 5.1; .NET CLR 1.1.4322; .NET CLR 2.0.50727; .NET CLR 3.0.4506.2152; .NET CLR 3.5.30729; MSOffice 12)"
195.3.173.130 - - [03/Dec/2009:14:38:34 +0100] "GET /orangedansletour.234x60.gif HTTP/1.1" 304 - "-" "Mozilla/4.0 (compatible; MSIE 7.0; Windows NT 5.1; .NET CLR 1.1.4322; .NET CLR 2.0.50727; .NET CLR 3.0.4506.2152; .NET CLR 3.5.30729; MSOffice 12)"
195.3.173.130 - - [03/Dec/2009:14:38:34 +0100] "GET /orangedansletour.234x60.gif HTTP/1.1" 304 - "-" "Mozilla/4.0 (compatible; MSIE 7.0; Windows NT 5.1; .NET CLR 1.1.4322; .NET CLR 2.0.50727; .NET CLR 3.0.4506.2152; .NET CLR 3.5.30729; MSOffice 12)"
195.3.173.130 - - [03/Dec/2009:14:38:34 +0100] "GET /orangedansletour.234x60.gif HTTP/1.1" 304 - "-" "Mozilla/4.0 (compatible; MSIE 7.0; Windows NT 5.1; .NET CLR 1.1.4322; .NET CLR 2.0.50727; .NET CLR 3.0.4506.2152; .NET CLR 3.5.30729; MSOffice 12)"
195.3.173.130 - - [03/Dec/2009:14:38:34 +0100] "GET /orangedansletour.234x60.gif HTTP/1.1" 304 - "-" "Mozilla/4.0 (compatible; MSIE 7.0; Windows NT 5.1; .NET CLR 1.1.4322; .NET CLR 2.0.50727; .NET CLR 3.0.4506.2152; .NET CLR 3.5.30729; MSOffice 12)"
67.218.116.134 - - [03/Dec/2009:18:31:53 +0100] "GET /robots.txt HTTP/1.0" 404 365 "-" "Mozilla/5.0 (Twiceler-0.9 http://www.cuil.com/twiceler/robot.html)"
83.167.62.172 - - [05/Dec/2009:03:49:06 +0100] "GET /robots.txt HTTP/1.1" 404 365 "-" "Mozilla/5.0 (compatible; Exabot/3.0 (BiggerBetter); +http://www.exabot.com/go/robot)"
83.167.62.172 - - [05/Dec/2009:03:49:06 +0100] "GET /email_infofrankrijk_ft_grootkamp.html HTTP/1.1" 200 13882 "-" "Mozilla/5.0 (compatible; Exabot/3.0 (BiggerBetter); +http://www.exabot.com/go/robot)"
83.167.62.172 - - [05/Dec/2009:04:47:02 +0100] "GET /?C=N;O=A HTTP/1.1" 200 5359 "-" "Mozilla/5.0 (compatible; Exabot/3.0 (BiggerBetter); +http://www.exabot.com/go/robot)"
83.167.62.172 - - [05/Dec/2009:04:56:29 +0100] "GET /ip.php HTTP/1.1" 200 13 "-" "Mozilla/5.0 (compatible; Exabot/3.0 (BiggerBetter); +http://www.exabot.com/go/robot)"
67.218.116.134 - - [05/Dec/2009:19:02:35 +0100] "GET /robots.txt HTTP/1.0" 404 365 "-" "Mozilla/5.0 (Twiceler-0.9 http://www.cuil.com/twiceler/robot.html)"
67.218.116.134 - - [06/Dec/2009:19:07:19 +0100] "GET /robots.txt HTTP/1.0" 404 365 "-" "Mozilla/5.0 (Twiceler-0.9 http://www.cuil.com/twiceler/robot.html)"
83.167.62.172 - - [06/Dec/2009:21:29:39 +0100] "GET /robots.txt HTTP/1.1" 404 365 "-" "Mozilla/5.0 (compatible; Exabot/3.0 (BiggerBetter); +http://www.exabot.com/go/robot)"
83.167.62.172 - - [06/Dec/2009:21:29:39 +0100] "GET /?C=S;O=A HTTP/1.1" 200 5359 "-" "Mozilla/5.0 (compatible; Exabot/3.0 (BiggerBetter); +http://www.exabot.com/go/robot)"
83.167.62.172 - - [06/Dec/2009:22:04:45 +0100] "GET /brice/ HTTP/1.1" 200 1178 "-" "Mozilla/5.0 (compatible; Exabot/3.0 (BiggerBetter); +http://www.exabot.com/go/robot)"
67.218.116.134 - - [07/Dec/2009:19:25:44 +0100] "GET /robots.txt HTTP/1.0" 404 365 "-" "Mozilla/5.0 (Twiceler-0.9 http://www.cuil.com/twiceler/robot.html)"
67.218.116.134 - - [08/Dec/2009:19:55:32 +0100] "GET /robots.txt HTTP/1.0" 404 365 "-" "Mozilla/5.0 (Twiceler-0.9 http://www.cuil.com/twiceler/robot.html)"
83.167.62.172 - - [08/Dec/2009:22:30:31 +0100] "GET /robots.txt HTTP/1.1" 404 365 "-" "Mozilla/5.0 (compatible; Exabot/3.0 (BiggerBetter); +http://www.exabot.com/go/robot)"
83.167.62.172 - - [08/Dec/2009:22:30:32 +0100] "GET /brice/?C=D;O=A HTTP/1.1" 200 1178 "-" "Mozilla/5.0 (compatible; Exabot/3.0 (BiggerBetter); +http://www.exabot.com/go/robot)"
83.167.62.172 - - [08/Dec/2009:23:09:46 +0100] "GET /infofrankrijk/?C=D;O=A HTTP/1.1" 200 2177 "-" "Mozilla/5.0 (compatible; Exabot/3.0 (BiggerBetter); +http://www.exabot.com/go/robot)"
83.167.62.172 - - [08/Dec/2009:23:19:32 +0100] "GET /brice/?C=S;O=A HTTP/1.1" 200 1178 "-" "Mozilla/5.0 (compatible; Exabot/3.0 (BiggerBetter); +http://www.exabot.com/go/robot)"
67.218.116.134 - - [09/Dec/2009:20:01:14 +0100] "GET /robots.txt HTTP/1.0" 404 365 "-" "Mozilla/5.0 (Twiceler-0.9 http://www.cuil.com/twiceler/robot.html)"
67.218.116.134 - - [10/Dec/2009:20:04:28 +0100] "GET /robots.txt HTTP/1.0" 404 365 "-" "Mozilla/5.0 (Twiceler-0.9 http://www.cuil.com/twiceler/robot.html)"
67.218.116.134 - - [11/Dec/2009:20:29:16 +0100] "GET /robots.txt HTTP/1.0" 404 365 "-" "Mozilla/5.0 (Twiceler-0.9 http://www.cuil.com/twiceler/robot.html)"
83.167.62.172 - - [12/Dec/2009:12:28:17 +0100] "GET /robots.txt HTTP/1.1" 404 365 "-" "Mozilla/5.0 (compatible; Exabot/3.0 (BiggerBetter); +http://www.exabot.com/go/robot)"
83.167.62.172 - - [12/Dec/2009:12:28:17 +0100] "GET /?C=M;O=D HTTP/1.1" 200 5359 "-" "Mozilla/5.0 (compatible; Exabot/3.0 (BiggerBetter); +http://www.exabot.com/go/robot)"
66.249.71.72 - - [12/Dec/2009:14:20:24 +0100] "GET /robots.txt HTTP/1.1" 404 365 "-" "Googlebot-Image/1.0"
66.249.71.72 - - [12/Dec/2009:14:20:24 +0100] "GET /prise_en_T.jpg HTTP/1.1" 304 - "-" "Googlebot-Image/1.0"
67.218.116.134 - - [12/Dec/2009:20:26:32 +0100] "GET /robots.txt HTTP/1.0" 404 365 "-" "Mozilla/5.0 (Twiceler-0.9 http://www.cuil.com/twiceler/robot.html)"
195.210.57.83 - - [13/Dec/2009:07:23:24 +0100] "GET /robots.txt HTTP/1.0" 404 365 "-" "Mozilla/5.0 (compatible; KaloogaBot; http://www.kalooga.com/info.html?page=crawler)"
195.210.57.83 - - [13/Dec/2009:07:23:25 +0100] "GET /?C=S;O=A HTTP/1.0" 200 5359 "-" "Mozilla/5.0 (compatible; KaloogaBot; http://www.kalooga.com/info.html?page=crawler)"
195.210.57.83 - - [13/Dec/2009:18:49:31 +0100] "GET /robots.txt HTTP/1.0" 404 365 "-" "Mozilla/5.0 (compatible; KaloogaBot; http://www.kalooga.com/info.html?page=crawler)"
195.210.57.83 - - [13/Dec/2009:18:49:31 +0100] "GET /htmlentities.php HTTP/1.0" 200 8 "-" "Mozilla/5.0 (compatible; KaloogaBot; http://www.kalooga.com/info.html?page=crawler)"
67.218.116.134 - - [13/Dec/2009:20:54:34 +0100] "GET /robots.txt HTTP/1.0" 404 365 "-" "Mozilla/5.0 (Twiceler-0.9 http://www.cuil.com/twiceler/robot.html)"
83.167.62.172 - - [14/Dec/2009:07:24:25 +0100] "GET /robots.txt HTTP/1.1" 404 365 "-" "Mozilla/5.0 (compatible; Exabot/3.0 (BiggerBetter); +http://www.exabot.com/go/robot)"
83.167.62.172 - - [14/Dec/2009:07:24:25 +0100] "GET /access_log HTTP/1.1" 200 57016 "-" "Mozilla/5.0 (compatible; Exabot/3.0 (BiggerBetter); +http://www.exabot.com/go/robot)"
67.218.116.134 - - [14/Dec/2009:21:54:36 +0100] "GET /robots.txt HTTP/1.0" 404 365 "-" "Mozilla/5.0 (Twiceler-0.9 http://www.cuil.com/twiceler/robot.html)"
194.51.20.126 - - [15/Dec/2009:18:38:23 +0100] "GET /orangedansletour.234x60.gif HTTP/1.1" 200 9701 "-" "Mozilla/4.0 (compatible; MSIE 7.0; Windows NT 5.1; [eburo v2.0]; .NET CLR 1.1.4322; .NET CLR 2.0.50727; .NET CLR 3.0.4506.2152; .NET CLR 3.5.30729)"
67.218.116.134 - - [15/Dec/2009:22:39:23 +0100] "GET /robots.txt HTTP/1.0" 404 365 "-" "Mozilla/5.0 (Twiceler-0.9 http://www.cuil.com/twiceler/robot.html)"
83.167.62.172 - - [15/Dec/2009:23:35:24 +0100] "GET /robots.txt HTTP/1.1" 404 365 "-" "Mozilla/5.0 (compatible; Exabot/3.0 (BiggerBetter); +http://www.exabot.com/go/robot)"
83.167.62.172 - - [15/Dec/2009:23:35:24 +0100] "GET /vittel/ HTTP/1.1" 200 10906 "-" "Mozilla/5.0 (compatible; Exabot/3.0 (BiggerBetter); +http://www.exabot.com/go/robot)"
67.218.116.134 - - [16/Dec/2009:09:28:51 +0100] "GET /robots.txt HTTP/1.0" 404 365 "-" "Mozilla/5.0 (Twiceler-0.9 http://www.cuil.com/twiceler/robot.html)"
67.195.79.88 - - [16/Dec/2009:10:24:55 +0100] "GET / HTTP/1.1" 200 5359 "-" "Nokia6682/2.0 (3.01.1) SymbianOS/8.0 Series60/2.6 Profile/MIDP-2.0 configuration/CLDC-1.1 UP.Link/6.3.0.0.0 (compatible;YahooSeeker/M1A1-R2D2; http://help.yahoo.com/help/us/ysearch/crawling/crawling-01.html)"
67.195.111.54 - - [18/Dec/2009:01:37:43 +0100] "GET /robots.txt HTTP/1.0" 404 365 "-" "Mozilla/5.0 (compatible; Yahoo! Slurp; http://help.yahoo.com/help/us/ysearch/slurp)"
67.195.111.54 - - [18/Dec/2009:01:37:43 +0100] "GET / HTTP/1.0" 200 5359 "-" "Mozilla/5.0 (compatible; Yahoo! Slurp/3.0; http://help.yahoo.com/help/us/ysearch/slurp)"
67.218.116.134 - - [18/Dec/2009:06:43:43 +0100] "GET /robots.txt HTTP/1.0" 404 365 "-" "Mozilla/5.0 (Twiceler-0.9 http://www.cuil.com/twiceler/robot.html)"
83.167.62.172 - - [18/Dec/2009:11:10:20 +0100] "GET /robots.txt HTTP/1.1" 404 365 "-" "Mozilla/5.0 (compatible; Exabot/3.0 (BiggerBetter); +http://www.exabot.com/go/robot)"
83.167.62.172 - - [18/Dec/2009:11:10:20 +0100] "GET /?C=S;O=D HTTP/1.1" 200 5359 "-" "Mozilla/5.0 (compatible; Exabot/3.0 (BiggerBetter); +http://www.exabot.com/go/robot)"
83.167.62.172 - - [18/Dec/2009:13:28:54 +0100] "GET /vittel/newsletter.html HTTP/1.1" 200 1503 "-" "Mozilla/5.0 (compatible; Exabot/3.0 (BiggerBetter); +http://www.exabot.com/go/robot)"
83.167.62.172 - - [18/Dec/2009:13:39:14 +0100] "GET /LaMargeUltime-Gerolsteiner.wmv HTTP/1.1" 200 2620852 "-" "Mozilla/5.0 (compatible; Exabot/3.0 (BiggerBetter); +http://www.exabot.com/go/robot)"
67.218.116.134 - - [19/Dec/2009:07:37:44 +0100] "GET /robots.txt HTTP/1.0" 404 365 "-" "Mozilla/5.0 (Twiceler-0.9 http://www.cuil.com/twiceler/robot.html)"
83.167.62.172 - - [20/Dec/2009:05:15:41 +0100] "GET /robots.txt HTTP/1.1" 404 365 "-" "Mozilla/5.0 (compatible; Exabot/3.0 (BiggerBetter); +http://www.exabot.com/go/robot)"
83.167.62.172 - - [20/Dec/2009:05:15:41 +0100] "GET /infofrankrijk/?C=N;O=D HTTP/1.1" 200 2177 "-" "Mozilla/5.0 (compatible; Exabot/3.0 (BiggerBetter); +http://www.exabot.com/go/robot)"
67.218.116.134 - - [20/Dec/2009:23:33:40 +0100] "GET /robots.txt HTTP/1.0" 404 - "-" "Mozilla/5.0 (Twiceler-0.9 http://www.cuil.com/twiceler/robot.html)"
67.218.116.134 - - [22/Dec/2009:04:25:24 +0100] "GET /robots.txt HTTP/1.0" 404 - "-" "Mozilla/5.0 (Twiceler-0.9 http://www.cuil.com/twiceler/robot.html)"
83.167.62.172 - - [23/Dec/2009:04:21:03 +0100] "GET /robots.txt HTTP/1.1" 404 - "-" "Mozilla/5.0 (compatible; Exabot/3.0 (BiggerBetter); +http://www.exabot.com/go/robot)"
83.167.62.172 - - [23/Dec/2009:04:21:03 +0100] "GET /20090125.kml HTTP/1.1" 200 73288 "-" "Mozilla/5.0 (compatible; Exabot/3.0 (BiggerBetter); +http://www.exabot.com/go/robot)"
67.218.116.134 - - [24/Dec/2009:00:47:22 +0100] "GET /robots.txt HTTP/1.0" 404 - "-" "Mozilla/5.0 (Twiceler-0.9 http://www.cuil.com/twiceler/robot.html)"
67.218.116.134 - - [25/Dec/2009:06:42:12 +0100] "GET /robots.txt HTTP/1.0" 404 - "-" "Mozilla/5.0 (Twiceler-0.9 http://www.cuil.com/twiceler/robot.html)"
195.210.57.83 - - [26/Dec/2009:06:26:55 +0100] "GET /robots.txt HTTP/1.0" 404 - "-" "Mozilla/5.0 (compatible; KaloogaBot; http://www.kalooga.com/info.html?page=crawler)"
195.210.57.83 - - [26/Dec/2009:06:26:55 +0100] "GET /infofrankrijk/ HTTP/1.0" 200 2177 "-" "Mozilla/5.0 (compatible; KaloogaBot; http://www.kalooga.com/info.html?page=crawler)"
195.210.57.83 - - [26/Dec/2009:22:14:06 +0100] "GET /robots.txt HTTP/1.0" 404 - "-" "Mozilla/5.0 (compatible; KaloogaBot; http://www.kalooga.com/info.html?page=crawler)"
195.210.57.83 - - [26/Dec/2009:22:14:07 +0100] "GET /vittel/ HTTP/1.0" 200 10906 "-" "Mozilla/5.0 (compatible; KaloogaBot; http://www.kalooga.com/info.html?page=crawler)"
195.210.57.83 - - [26/Dec/2009:22:14:16 +0100] "GET /vittel/marc_dumailleau.gif HTTP/1.0" 200 9616 "-" "Mozilla/5.0 (compatible; KaloogaBot; http://www.kalooga.com/info.html?page=crawler)"
195.210.57.83 - - [26/Dec/2009:22:14:17 +0100] "GET /vittel/ HTTP/1.0" 200 10906 "-" "Mozilla/5.0 (compatible; KaloogaBot; http://www.kalooga.com/info.html?page=crawler)"
195.210.57.83 - - [26/Dec/2009:22:14:18 +0100] "GET /vittel/top.gif HTTP/1.0" 200 14926 "-" "Mozilla/5.0 (compatible; KaloogaBot; http://www.kalooga.com/info.html?page=crawler)"
195.210.57.83 - - [26/Dec/2009:22:14:18 +0100] "GET /vittel/marc_dumailleau_description.gif HTTP/1.0" 200 42234 "-" "Mozilla/5.0 (compatible; KaloogaBot; http://www.kalooga.com/info.html?page=crawler)"
195.210.57.83 - - [26/Dec/2009:22:14:20 +0100] "GET /vittel/remy_ancelle.gif HTTP/1.0" 200 11591 "-" "Mozilla/5.0 (compatible; KaloogaBot; http://www.kalooga.com/info.html?page=crawler)"
195.210.57.83 - - [26/Dec/2009:22:14:21 +0100] "GET /vittel/thierry_roublard.gif HTTP/1.0" 200 10116 "-" "Mozilla/5.0 (compatible; KaloogaBot; http://www.kalooga.com/info.html?page=crawler)"
195.210.57.83 - - [26/Dec/2009:22:14:22 +0100] "GET /vittel/bernard_laplume.gif HTTP/1.0" 200 9719 "-" "Mozilla/5.0 (compatible; KaloogaBot; http://www.kalooga.com/info.html?page=crawler)"
195.210.57.83 - - [26/Dec/2009:22:14:22 +0100] "GET /vittel/remy_ancelle_description.gif HTTP/1.0" 200 42044 "-" "Mozilla/5.0 (compatible; KaloogaBot; http://www.kalooga.com/info.html?page=crawler)"
195.210.57.83 - - [26/Dec/2009:22:14:23 +0100] "GET /vittel/thierry_roublard_description.gif HTTP/1.0" 200 39036 "-" "Mozilla/5.0 (compatible; KaloogaBot; http://www.kalooga.com/info.html?page=crawler)"
195.210.57.83 - - [26/Dec/2009:22:14:25 +0100] "GET /vittel/bernard_laplume_description.gif HTTP/1.0" 200 44595 "-" "Mozilla/5.0 (compatible; KaloogaBot; http://www.kalooga.com/info.html?page=crawler)"
67.218.116.134 - - [27/Dec/2009:00:48:09 +0100] "GET /robots.txt HTTP/1.0" 404 - "-" "Mozilla/5.0 (Twiceler-0.9 http://www.cuil.com/twiceler/robot.html)"
88.131.106.23 - - [27/Dec/2009:03:49:38 +0100] "GET /robots.txt HTTP/1.0" 404 - "-" "Speedy Spider (http://www.entireweb.com/about/search_tech/speedy_spider/)"
88.131.106.23 - - [27/Dec/2009:03:49:39 +0100] "GET / HTTP/1.0" 200 5359 "-" "Speedy Spider (http://www.entireweb.com/about/search_tech/speedy_spider/)"
83.167.62.172 - - [27/Dec/2009:17:31:06 +0100] "GET /robots.txt HTTP/1.1" 404 - "-" "Mozilla/5.0 (compatible; Exabot/3.0 (BiggerBetter); +http://www.exabot.com/go/robot)"
83.167.62.172 - - [27/Dec/2009:17:31:06 +0100] "GET /brice/?C=M;O=A HTTP/1.1" 200 1178 "-" "Mozilla/5.0 (compatible; Exabot/3.0 (BiggerBetter); +http://www.exabot.com/go/robot)"
67.218.116.134 - - [28/Dec/2009:06:09:05 +0100] "GET /robots.txt HTTP/1.0" 404 - "-" "Mozilla/5.0 (Twiceler-0.9 http://www.cuil.com/twiceler/robot.html)"
83.167.62.172 - - [29/Dec/2009:11:53:23 +0100] "GET /robots.txt HTTP/1.1" 404 - "-" "Mozilla/5.0 (compatible; Exabot/3.0 (BiggerBetter); +http://www.exabot.com/go/robot)"
83.167.62.172 - - [29/Dec/2009:11:53:23 +0100] "GET /phpinfo.php HTTP/1.1" 200 47929 "-" "Mozilla/5.0 (compatible; Exabot/3.0 (BiggerBetter); +http://www.exabot.com/go/robot)"
83.167.62.172 - - [29/Dec/2009:12:12:39 +0100] "GET /urlencode.php HTTP/1.1" 200 17 "-" "Mozilla/5.0 (compatible; Exabot/3.0 (BiggerBetter); +http://www.exabot.com/go/robot)"
81.71.173.106 - - [29/Dec/2009:19:39:17 +0100] "GET /tourdulimousin HTTP/1.1" 301 403 "-" "Mozilla/5.0 (Windows; U; Windows NT 5.1; en-US; rv:1.9.2b5) Gecko/20091204 Firefox/3.6b5"
81.71.173.106 - - [29/Dec/2009:19:39:18 +0100] "GET /tourdulimousin/ HTTP/1.1" 200 30613 "-" "Mozilla/5.0 (Windows; U; Windows NT 5.1; en-US; rv:1.9.2b5) Gecko/20091204 Firefox/3.6b5"
81.71.173.106 - - [29/Dec/2009:19:39:18 +0100] "GET /tourdulimousin/js/AC_RunActiveContent.js HTTP/1.1" 200 3232 "http://temp.thover.com/tourdulimousin/" "Mozilla/5.0 (Windows; U; Windows NT 5.1; en-US; rv:1.9.2b5) Gecko/20091204 Firefox/3.6b5"
81.71.173.106 - - [29/Dec/2009:19:39:18 +0100] "GET /tourdulimousin/js/PopUpWin.js HTTP/1.1" 200 403 "http://temp.thover.com/tourdulimousin/" "Mozilla/5.0 (Windows; U; Windows NT 5.1; en-US; rv:1.9.2b5) Gecko/20091204 Firefox/3.6b5"
81.71.173.106 - - [29/Dec/2009:19:39:18 +0100] "GET /tourdulimousin/mambots/content/mfreflex/mfreflex.js HTTP/1.1" 404 - "http://temp.thover.com/tourdulimousin/" "Mozilla/5.0 (Windows; U; Windows NT 5.1; en-US; rv:1.9.2b5) Gecko/20091204 Firefox/3.6b5"
81.71.173.106 - - [29/Dec/2009:19:39:18 +0100] "GET /tourdulimousin/images/stories/facebook.png HTTP/1.1" 404 - "http://temp.thover.com/tourdulimousin/" "Mozilla/5.0 (Windows; U; Windows NT 5.1; en-US; rv:1.9.2b5) Gecko/20091204 Firefox/3.6b5"
81.71.173.106 - - [29/Dec/2009:19:39:18 +0100] "GET /tourdulimousin/mambots/content/mfreflex/mfreflex.js HTTP/1.1" 404 - "http://temp.thover.com/tourdulimousin/" "Mozilla/5.0 (Windows; U; Windows NT 5.1; en-US; rv:1.9.2b5) Gecko/20091204 Firefox/3.6b5"
81.71.173.106 - - [29/Dec/2009:19:39:18 +0100] "GET /tourdulimousin/templates/rt_replicant/images/bg/bg88.jpg HTTP/1.1" 404 - "http://temp.thover.com/tourdulimousin/" "Mozilla/5.0 (Windows; U; Windows NT 5.1; en-US; rv:1.9.2b5) Gecko/20091204 Firefox/3.6b5"
81.71.173.106 - - [29/Dec/2009:19:39:18 +0100] "GET /tourdulimousin/images/loading.gif HTTP/1.1" 404 - "http://temp.thover.com/tourdulimousin/" "Mozilla/5.0 (Windows; U; Windows NT 5.1; en-US; rv:1.9.2b5) Gecko/20091204 Firefox/3.6b5"
81.71.173.106 - - [29/Dec/2009:19:39:18 +0100] "GET /tourdulimousin/images/closelabel.gif HTTP/1.1" 404 - "http://temp.thover.com/tourdulimousin/" "Mozilla/5.0 (Windows; U; Windows NT 5.1; en-US; rv:1.9.2b5) Gecko/20091204 Firefox/3.6b5"
81.71.173.106 - - [29/Dec/2009:19:39:19 +0100] "GET /tourdulimousin/txt/Lang.txt HTTP/1.1" 200 555 "-" "Mozilla/5.0 (Windows; U; Windows NT 5.1; en-US; rv:1.9.2b5) Gecko/20091204 Firefox/3.6b5"
81.71.173.106 - - [29/Dec/2009:19:39:19 +0100] "GET /tourdulimousin/swf/Magazine.swf HTTP/1.1" 200 67553 "http://temp.thover.com/tourdulimousin/" "Mozilla/5.0 (Windows; U; Windows NT 5.1; en-US; rv:1.9.2b5) Gecko/20091204 Firefox/3.6b5"
81.71.173.106 - - [29/Dec/2009:19:39:19 +0100] "GET /tourdulimousin/xml/Pages.xml HTTP/1.1" 404 - "-" "Mozilla/5.0 (Windows; U; Windows NT 5.1; en-US; rv:1.9.2b5) Gecko/20091204 Firefox/3.6b5"
81.71.173.106 - - [29/Dec/2009:19:40:48 +0100] "GET /tourdulimousin/ HTTP/1.1" 200 30613 "-" "Mozilla/5.0 (Windows; U; Windows NT 5.1; en-US; rv:1.9.2b5) Gecko/20091204 Firefox/3.6b5"
81.71.173.106 - - [29/Dec/2009:19:40:48 +0100] "GET /tourdulimousin/js/AC_RunActiveContent.js HTTP/1.1" 200 3232 "http://temp.thover.com/tourdulimousin/" "Mozilla/5.0 (Windows; U; Windows NT 5.1; en-US; rv:1.9.2b5) Gecko/20091204 Firefox/3.6b5"
81.71.173.106 - - [29/Dec/2009:19:40:48 +0100] "GET /tourdulimousin/js/PopUpWin.js HTTP/1.1" 200 403 "http://temp.thover.com/tourdulimousin/" "Mozilla/5.0 (Windows; U; Windows NT 5.1; en-US; rv:1.9.2b5) Gecko/20091204 Firefox/3.6b5"
81.71.173.106 - - [29/Dec/2009:19:40:48 +0100] "GET /tourdulimousin/mambots/content/mfreflex/mfreflex.js HTTP/1.1" 404 - "http://temp.thover.com/tourdulimousin/" "Mozilla/5.0 (Windows; U; Windows NT 5.1; en-US; rv:1.9.2b5) Gecko/20091204 Firefox/3.6b5"
81.71.173.106 - - [29/Dec/2009:19:40:49 +0100] "GET /tourdulimousin/mambots/content/mfreflex/mfreflex.js HTTP/1.1" 404 - "http://temp.thover.com/tourdulimousin/" "Mozilla/5.0 (Windows; U; Windows NT 5.1; en-US; rv:1.9.2b5) Gecko/20091204 Firefox/3.6b5"
81.71.173.106 - - [29/Dec/2009:19:40:49 +0100] "GET /tourdulimousin/templates/rt_replicant/images/bg/bg88.jpg HTTP/1.1" 404 - "http://temp.thover.com/tourdulimousin/" "Mozilla/5.0 (Windows; U; Windows NT 5.1; en-US; rv:1.9.2b5) Gecko/20091204 Firefox/3.6b5"
81.71.173.106 - - [29/Dec/2009:19:40:49 +0100] "GET /tourdulimousin/images/stories/facebook.png HTTP/1.1" 404 - "http://temp.thover.com/tourdulimousin/" "Mozilla/5.0 (Windows; U; Windows NT 5.1; en-US; rv:1.9.2b5) Gecko/20091204 Firefox/3.6b5"
81.71.173.106 - - [29/Dec/2009:19:40:49 +0100] "GET /tourdulimousin/images/loading.gif HTTP/1.1" 404 - "http://temp.thover.com/tourdulimousin/" "Mozilla/5.0 (Windows; U; Windows NT 5.1; en-US; rv:1.9.2b5) Gecko/20091204 Firefox/3.6b5"
81.71.173.106 - - [29/Dec/2009:19:40:49 +0100] "GET /tourdulimousin/images/closelabel.gif HTTP/1.1" 404 - "http://temp.thover.com/tourdulimousin/" "Mozilla/5.0 (Windows; U; Windows NT 5.1; en-US; rv:1.9.2b5) Gecko/20091204 Firefox/3.6b5"
81.71.173.106 - - [29/Dec/2009:19:40:49 +0100] "GET /tourdulimousin/txt/Lang.txt HTTP/1.1" 304 - "-" "Mozilla/5.0 (Windows; U; Windows NT 5.1; en-US; rv:1.9.2b5) Gecko/20091204 Firefox/3.6b5"
81.71.173.106 - - [29/Dec/2009:19:40:49 +0100] "GET /tourdulimousin/swf/Magazine.swf HTTP/1.1" 200 67553 "http://temp.thover.com/tourdulimousin/" "Mozilla/5.0 (Windows; U; Windows NT 5.1; en-US; rv:1.9.2b5) Gecko/20091204 Firefox/3.6b5"
81.71.173.106 - - [29/Dec/2009:19:40:50 +0100] "GET /tourdulimousin/xml/Pages.xml HTTP/1.1" 200 1154 "-" "Mozilla/5.0 (Windows; U; Windows NT 5.1; en-US; rv:1.9.2b5) Gecko/20091204 Firefox/3.6b5"
81.71.173.106 - - [29/Dec/2009:19:40:50 +0100] "GET /tourdulimousin/swf/Pages.swf HTTP/1.1" 200 2269 "-" "Mozilla/5.0 (Windows; U; Windows NT 5.1; en-US; rv:1.9.2b5) Gecko/20091204 Firefox/3.6b5"
81.71.173.106 - - [29/Dec/2009:19:40:50 +0100] "GET /tourdulimousin/pages/36.jpg HTTP/1.1" 200 176433 "-" "Mozilla/5.0 (Windows; U; Windows NT 5.1; en-US; rv:1.9.2b5) Gecko/20091204 Firefox/3.6b5"
81.71.173.106 - - [29/Dec/2009:19:40:50 +0100] "GET /tourdulimousin/pages/01.jpg HTTP/1.1" 200 432282 "-" "Mozilla/5.0 (Windows; U; Windows NT 5.1; en-US; rv:1.9.2b5) Gecko/20091204 Firefox/3.6b5"
81.71.173.106 - - [29/Dec/2009:19:40:51 +0100] "GET /tourdulimousin/pages/35.jpg HTTP/1.1" 200 436899 "-" "Mozilla/5.0 (Windows; U; Windows NT 5.1; en-US; rv:1.9.2b5) Gecko/20091204 Firefox/3.6b5"
81.71.173.106 - - [29/Dec/2009:19:40:54 +0100] "GET /tourdulimousin/pages/35.jpg HTTP/1.1" 304 - "-" "Mozilla/5.0 (Windows; U; Windows NT 5.1; en-US; rv:1.9.2b5) Gecko/20091204 Firefox/3.6b5"
81.71.173.106 - - [29/Dec/2009:19:40:56 +0100] "GET /tourdulimousin/pages/02.jpg HTTP/1.1" 200 244694 "-" "Mozilla/5.0 (Windows; U; Windows NT 5.1; en-US; rv:1.9.2b5) Gecko/20091204 Firefox/3.6b5"
81.71.173.106 - - [29/Dec/2009:19:40:56 +0100] "GET /tourdulimousin/pages/03.jpg HTTP/1.1" 200 351409 "-" "Mozilla/5.0 (Windows; U; Windows NT 5.1; en-US; rv:1.9.2b5) Gecko/20091204 Firefox/3.6b5"
81.71.173.106 - - [29/Dec/2009:19:47:12 +0100] "GET /tourdulimousin/index2.html HTTP/1.1" 200 1772 "-" "Mozilla/5.0 (Windows; U; Windows NT 5.1; en-US; rv:1.9.2b5) Gecko/20091204 Firefox/3.6b5"
81.71.173.106 - - [29/Dec/2009:19:47:12 +0100] "GET /tourdulimousin/js/AC_RunActiveContent.js HTTP/1.1" 304 - "http://temp.thover.com/tourdulimousin/index2.html" "Mozilla/5.0 (Windows; U; Windows NT 5.1; en-US; rv:1.9.2b5) Gecko/20091204 Firefox/3.6b5"
81.71.173.106 - - [29/Dec/2009:19:47:12 +0100] "GET /tourdulimousin/js/PopUpWin.js HTTP/1.1" 304 - "http://temp.thover.com/tourdulimousin/index2.html" "Mozilla/5.0 (Windows; U; Windows NT 5.1; en-US; rv:1.9.2b5) Gecko/20091204 Firefox/3.6b5"
81.71.173.106 - - [29/Dec/2009:19:47:12 +0100] "GET /favicon.ico HTTP/1.1" 404 - "-" "Mozilla/5.0 (Windows; U; Windows NT 5.1; en-US; rv:1.9.2b5) Gecko/20091204 Firefox/3.6b5"
81.71.173.106 - - [29/Dec/2009:19:47:12 +0100] "GET /tourdulimousin/swf/Magazine.swf HTTP/1.1" 304 - "http://temp.thover.com/tourdulimousin/index2.html" "Mozilla/5.0 (Windows; U; Windows NT 5.1; en-US; rv:1.9.2b5) Gecko/20091204 Firefox/3.6b5"
81.71.173.106 - - [29/Dec/2009:19:47:12 +0100] "GET /tourdulimousin/txt/Lang.txt HTTP/1.1" 304 - "-" "Mozilla/5.0 (Windows; U; Windows NT 5.1; en-US; rv:1.9.2b5) Gecko/20091204 Firefox/3.6b5"
81.71.173.106 - - [29/Dec/2009:19:47:12 +0100] "GET /tourdulimousin/xml/Pages.xml HTTP/1.1" 304 - "-" "Mozilla/5.0 (Windows; U; Windows NT 5.1; en-US; rv:1.9.2b5) Gecko/20091204 Firefox/3.6b5"
81.71.173.106 - - [29/Dec/2009:19:47:13 +0100] "GET /tourdulimousin/swf/Pages.swf HTTP/1.1" 304 - "-" "Mozilla/5.0 (Windows; U; Windows NT 5.1; en-US; rv:1.9.2b5) Gecko/20091204 Firefox/3.6b5"
81.71.173.106 - - [29/Dec/2009:19:47:13 +0100] "GET /tourdulimousin/pages/01.jpg HTTP/1.1" 304 - "-" "Mozilla/5.0 (Windows; U; Windows NT 5.1; en-US; rv:1.9.2b5) Gecko/20091204 Firefox/3.6b5"
81.71.173.106 - - [29/Dec/2009:19:47:14 +0100] "GET /tourdulimousin/pages/36.jpg HTTP/1.1" 304 - "-" "Mozilla/5.0 (Windows; U; Windows NT 5.1; en-US; rv:1.9.2b5) Gecko/20091204 Firefox/3.6b5"
81.71.173.106 - - [29/Dec/2009:19:47:15 +0100] "GET /tourdulimousin/pages/35.jpg HTTP/1.1" 304 - "-" "Mozilla/5.0 (Windows; U; Windows NT 5.1; en-US; rv:1.9.2b5) Gecko/20091204 Firefox/3.6b5"
81.71.173.106 - - [29/Dec/2009:19:47:15 +0100] "GET /favicon.ico HTTP/1.1" 404 - "-" "Mozilla/5.0 (Windows; U; Windows NT 5.1; en-US; rv:1.9.2b5) Gecko/20091204 Firefox/3.6b5"
69.63.178.250 - - [29/Dec/2009:19:48:29 +0100] "GET /tourdulimousin/ HTTP/1.1" 200 30613 "-" "facebookexternalhit/1.0 (+http://www.facebook.com/externalhit_uatext.php)"
69.63.179.34 - - [29/Dec/2009:19:52:09 +0100] "GET /tourdulimousin/index2.html HTTP/1.1" 200 1772 "-" "Facebook share follower"
69.63.179.33 - - [29/Dec/2009:19:52:09 +0100] "GET /tourdulimousin/ HTTP/1.1" 200 30613 "-" "Facebook share follower"
69.63.179.33 - - [29/Dec/2009:19:52:09 +0100] "GET /tourdulimousin/ HTTP/1.1" 200 30613 "-" "Facebook share follower"
69.63.179.35 - - [29/Dec/2009:19:52:09 +0100] "GET /tourdulimousin/ HTTP/1.1" 200 30613 "-" "Facebook share follower"
69.63.179.33 - - [29/Dec/2009:19:52:09 +0100] "GET /tourdulimousin/ HTTP/1.1" 200 30613 "-" "Facebook share follower"
69.63.179.34 - - [29/Dec/2009:19:52:09 +0100] "GET /tourdulimousin/ HTTP/1.1" 200 30613 "-" "Facebook share follower"
69.63.179.34 - - [29/Dec/2009:19:52:09 +0100] "GET /tourdulimousin/index2.html HTTP/1.1" 200 1772 "-" "Facebook share follower"
86.219.78.216 - - [29/Dec/2009:20:16:58 +0100] "GET /tourdulimousin/ HTTP/1.1" 200 30613 "http://www.facebook.com/l/ae849;temp.thover.com/tourdulimousin/" "Mozilla/5.0 (Windows; U; Windows NT 5.1; fr; rv:1.9.0.16) Gecko/2009120208 Firefox/3.0.16"
86.219.78.216 - - [29/Dec/2009:20:16:58 +0100] "GET /tourdulimousin/js/AC_RunActiveContent.js HTTP/1.1" 200 3232 "http://temp.thover.com/tourdulimousin/" "Mozilla/5.0 (Windows; U; Windows NT 5.1; fr; rv:1.9.0.16) Gecko/2009120208 Firefox/3.0.16"
86.219.78.216 - - [29/Dec/2009:20:16:58 +0100] "GET /tourdulimousin/js/PopUpWin.js HTTP/1.1" 200 403 "http://temp.thover.com/tourdulimousin/" "Mozilla/5.0 (Windows; U; Windows NT 5.1; fr; rv:1.9.0.16) Gecko/2009120208 Firefox/3.0.16"
86.219.78.216 - - [29/Dec/2009:20:17:02 +0100] "GET /tourdulimousin/mambots/content/mfreflex/mfreflex.js HTTP/1.1" 404 - "http://temp.thover.com/tourdulimousin/" "Mozilla/5.0 (Windows; U; Windows NT 5.1; fr; rv:1.9.0.16) Gecko/2009120208 Firefox/3.0.16"
86.219.78.216 - - [29/Dec/2009:20:17:02 +0100] "GET /tourdulimousin/images/stories/facebook.png HTTP/1.1" 404 - "http://temp.thover.com/tourdulimousin/" "Mozilla/5.0 (Windows; U; Windows NT 5.1; fr; rv:1.9.0.16) Gecko/2009120208 Firefox/3.0.16"
86.219.78.216 - - [29/Dec/2009:20:17:02 +0100] "GET /tourdulimousin/templates/rt_replicant/images/bg/bg88.jpg HTTP/1.1" 404 - "http://temp.thover.com/tourdulimousin/" "Mozilla/5.0 (Windows; U; Windows NT 5.1; fr; rv:1.9.0.16) Gecko/2009120208 Firefox/3.0.16"
86.219.78.216 - - [29/Dec/2009:20:17:03 +0100] "GET /tourdulimousin/txt/Lang.txt HTTP/1.1" 200 555 "-" "Mozilla/5.0 (Windows; U; Windows NT 5.1; fr; rv:1.9.0.16) Gecko/2009120208 Firefox/3.0.16"
86.219.78.216 - - [29/Dec/2009:20:17:04 +0100] "GET /tourdulimousin/images/loading.gif HTTP/1.1" 404 - "http://temp.thover.com/tourdulimousin/" "Mozilla/5.0 (Windows; U; Windows NT 5.1; fr; rv:1.9.0.16) Gecko/2009120208 Firefox/3.0.16"
86.219.78.216 - - [29/Dec/2009:20:17:04 +0100] "GET /tourdulimousin/images/closelabel.gif HTTP/1.1" 404 - "http://temp.thover.com/tourdulimousin/" "Mozilla/5.0 (Windows; U; Windows NT 5.1; fr; rv:1.9.0.16) Gecko/2009120208 Firefox/3.0.16"
86.219.78.216 - - [29/Dec/2009:20:17:02 +0100] "GET /tourdulimousin/swf/Magazine.swf HTTP/1.1" 200 67553 "http://temp.thover.com/tourdulimousin/" "Mozilla/5.0 (Windows; U; Windows NT 5.1; fr; rv:1.9.0.16) Gecko/2009120208 Firefox/3.0.16"
86.219.78.216 - - [29/Dec/2009:20:17:05 +0100] "GET /tourdulimousin/xml/Pages.xml HTTP/1.1" 200 1154 "-" "Mozilla/5.0 (Windows; U; Windows NT 5.1; fr; rv:1.9.0.16) Gecko/2009120208 Firefox/3.0.16"
86.219.78.216 - - [29/Dec/2009:20:17:05 +0100] "GET /tourdulimousin/swf/Pages.swf HTTP/1.1" 200 2269 "-" "Mozilla/5.0 (Windows; U; Windows NT 5.1; fr; rv:1.9.0.16) Gecko/2009120208 Firefox/3.0.16"
86.219.78.216 - - [29/Dec/2009:20:17:06 +0100] "GET /tourdulimousin/pages/36.jpg HTTP/1.1" 200 176433 "-" "Mozilla/5.0 (Windows; U; Windows NT 5.1; fr; rv:1.9.0.16) Gecko/2009120208 Firefox/3.0.16"
86.219.78.216 - - [29/Dec/2009:20:17:09 +0100] "GET /tourdulimousin/pages/35.jpg HTTP/1.1" 200 436899 "-" "Mozilla/5.0 (Windows; U; Windows NT 5.1; fr; rv:1.9.0.16) Gecko/2009120208 Firefox/3.0.16"
86.219.78.216 - - [29/Dec/2009:20:17:06 +0100] "GET /tourdulimousin/pages/01.jpg HTTP/1.1" 200 432282 "-" "Mozilla/5.0 (Windows; U; Windows NT 5.1; fr; rv:1.9.0.16) Gecko/2009120208 Firefox/3.0.16"
86.219.78.216 - - [29/Dec/2009:20:17:22 +0100] "GET /tourdulimousin/pages/02.jpg HTTP/1.1" 200 244694 "-" "Mozilla/5.0 (Windows; U; Windows NT 5.1; fr; rv:1.9.0.16) Gecko/2009120208 Firefox/3.0.16"
86.219.78.216 - - [29/Dec/2009:20:17:22 +0100] "GET /tourdulimousin/pages/03.jpg HTTP/1.1" 200 351409 "-" "Mozilla/5.0 (Windows; U; Windows NT 5.1; fr; rv:1.9.0.16) Gecko/2009120208 Firefox/3.0.16"
86.219.78.216 - - [29/Dec/2009:20:17:58 +0100] "GET /tourdulimousin/pages/04.jpg HTTP/1.1" 200 343138 "-" "Mozilla/5.0 (Windows; U; Windows NT 5.1; fr; rv:1.9.0.16) Gecko/2009120208 Firefox/3.0.16"
86.219.78.216 - - [29/Dec/2009:20:18:02 +0100] "GET /tourdulimousin/pages/07.jpg HTTP/1.1" 200 356326 "-" "Mozilla/5.0 (Windows; U; Windows NT 5.1; fr; rv:1.9.0.16) Gecko/2009120208 Firefox/3.0.16"
86.219.78.216 - - [29/Dec/2009:20:18:02 +0100] "GET /tourdulimousin/pages/06.jpg HTTP/1.1" 200 363065 "-" "Mozilla/5.0 (Windows; U; Windows NT 5.1; fr; rv:1.9.0.16) Gecko/2009120208 Firefox/3.0.16"
86.219.78.216 - - [29/Dec/2009:20:18:00 +0100] "GET /tourdulimousin/pages/09.jpg HTTP/1.1" 200 480141 "-" "Mozilla/5.0 (Windows; U; Windows NT 5.1; fr; rv:1.9.0.16) Gecko/2009120208 Firefox/3.0.16"
86.219.78.216 - - [29/Dec/2009:20:18:17 +0100] "GET /tourdulimousin/index2.html HTTP/1.1" 200 1772 "http://www.facebook.com/l/ae849;temp.thover.com/tourdulimousin/index2.html" "Mozilla/5.0 (Windows; U; Windows NT 5.1; fr; rv:1.9.0.16) Gecko/2009120208 Firefox/3.0.16"
86.219.78.216 - - [29/Dec/2009:20:18:18 +0100] "GET /favicon.ico HTTP/1.1" 404 - "-" "Mozilla/5.0 (Windows; U; Windows NT 5.1; fr; rv:1.9.0.16) Gecko/2009120208 Firefox/3.0.16"
86.219.78.216 - - [29/Dec/2009:20:18:19 +0100] "GET /favicon.ico HTTP/1.1" 404 - "-" "Mozilla/5.0 (Windows; U; Windows NT 5.1; fr; rv:1.9.0.16) Gecko/2009120208 Firefox/3.0.16"
86.219.78.216 - - [29/Dec/2009:20:18:14 +0100] "GET /tourdulimousin/pages/11.jpg HTTP/1.1" 200 496948 "-" "Mozilla/5.0 (Windows; U; Windows NT 5.1; fr; rv:1.9.0.16) Gecko/2009120208 Firefox/3.0.16"
86.219.78.216 - - [29/Dec/2009:20:18:10 +0100] "GET /tourdulimousin/pages/10.jpg HTTP/1.1" 200 509715 "-" "Mozilla/5.0 (Windows; U; Windows NT 5.1; fr; rv:1.9.0.16) Gecko/2009120208 Firefox/3.0.16"
86.219.78.216 - - [29/Dec/2009:20:18:00 +0100] "GET /tourdulimousin/pages/08.jpg HTTP/1.1" 200 504922 "-" "Mozilla/5.0 (Windows; U; Windows NT 5.1; fr; rv:1.9.0.16) Gecko/2009120208 Firefox/3.0.16"
86.219.78.216 - - [29/Dec/2009:20:17:58 +0100] "GET /tourdulimousin/pages/05.jpg HTTP/1.1" 200 369367 "-" "Mozilla/5.0 (Windows; U; Windows NT 5.1; fr; rv:1.9.0.16) Gecko/2009120208 Firefox/3.0.16"
86.219.78.216 - - [29/Dec/2009:20:18:36 +0100] "GET /tourdulimousin/pages/12.jpg HTTP/1.1" 200 428165 "-" "Mozilla/5.0 (Windows; U; Windows NT 5.1; fr; rv:1.9.0.16) Gecko/2009120208 Firefox/3.0.16"
86.219.78.216 - - [29/Dec/2009:20:18:36 +0100] "GET /tourdulimousin/pages/13.jpg HTTP/1.1" 200 318555 "-" "Mozilla/5.0 (Windows; U; Windows NT 5.1; fr; rv:1.9.0.16) Gecko/2009120208 Firefox/3.0.16"
86.219.78.216 - - [29/Dec/2009:20:18:47 +0100] "GET /tourdulimousin/pages/14.jpg HTTP/1.1" 200 207868 "-" "Mozilla/5.0 (Windows; U; Windows NT 5.1; fr; rv:1.9.0.16) Gecko/2009120208 Firefox/3.0.16"
86.219.78.216 - - [29/Dec/2009:20:18:49 +0100] "GET /tourdulimousin/pages/17.jpg HTTP/1.1" 200 246427 "-" "Mozilla/5.0 (Windows; U; Windows NT 5.1; fr; rv:1.9.0.16) Gecko/2009120208 Firefox/3.0.16"
86.219.78.216 - - [29/Dec/2009:20:18:47 +0100] "GET /tourdulimousin/pages/15.jpg HTTP/1.1" 200 796905 "-" "Mozilla/5.0 (Windows; U; Windows NT 5.1; fr; rv:1.9.0.16) Gecko/2009120208 Firefox/3.0.16"
86.219.78.216 - - [29/Dec/2009:20:18:49 +0100] "GET /tourdulimousin/pages/16.jpg HTTP/1.1" 200 425667 "-" "Mozilla/5.0 (Windows; U; Windows NT 5.1; fr; rv:1.9.0.16) Gecko/2009120208 Firefox/3.0.16"
86.219.78.216 - - [29/Dec/2009:20:28:10 +0100] "GET /tourdulimousin/pages/18.jpg HTTP/1.1" 200 259732 "-" "Mozilla/5.0 (Windows; U; Windows NT 5.1; fr; rv:1.9.0.16) Gecko/2009120208 Firefox/3.0.16"
86.219.78.216 - - [29/Dec/2009:20:28:16 +0100] "GET /tourdulimousin/pages/17.jpg HTTP/1.1" 304 - "-" "Mozilla/5.0 (Windows; U; Windows NT 5.1; fr; rv:1.9.0.16) Gecko/2009120208 Firefox/3.0.16"
86.219.78.216 - - [29/Dec/2009:20:28:10 +0100] "GET /tourdulimousin/pages/19.jpg HTTP/1.1" 200 789053 "-" "Mozilla/5.0 (Windows; U; Windows NT 5.1; fr; rv:1.9.0.16) Gecko/2009120208 Firefox/3.0.16"
81.71.173.106 - - [29/Dec/2009:20:41:45 +0100] "GET /facebook/facebook_button_home.gif HTTP/1.1" 200 1894 "http://www.facebook.com/pages/paristhovercom/224782808497?v=app_4949752878" "Mozilla/5.0 (Windows; U; Windows NT 5.1; en-US; rv:1.9.2b5) Gecko/20091204 Firefox/3.6b5"
81.71.173.106 - - [29/Dec/2009:20:47:32 +0100] "GET /facebook/facebook_button_home.gif HTTP/1.1" 304 - "http://www.facebook.com/pages/paristhovercom/224782808497?v=app_4949752878" "Mozilla/5.0 (Windows; U; Windows NT 5.1; en-US; rv:1.9.2b5) Gecko/20091204 Firefox/3.6b5"
81.71.173.106 - - [29/Dec/2009:21:04:48 +0100] "GET /facebook/facebook_button_home.gif HTTP/1.1" 304 - "http://www.facebook.com/pages/paristhovercom/224782808497?v=app_4949752878" "Mozilla/5.0 (Windows; U; Windows NT 5.1; en-US; rv:1.9.2b5) Gecko/20091204 Firefox/3.6b5"
81.71.173.106 - - [29/Dec/2009:21:06:07 +0100] "GET /facebook/facebook_button_home.gif HTTP/1.1" 304 - "http://www.facebook.com/pages/paristhovercom/224782808497?v=app_4949752878" "Mozilla/5.0 (Windows; U; Windows NT 5.1; en-US; rv:1.9.2b5) Gecko/20091204 Firefox/3.6b5"
81.71.173.106 - - [29/Dec/2009:21:06:07 +0100] "GET /facebook/facebook_button_wall.gif HTTP/1.1" 200 1632 "http://www.facebook.com/pages/paristhovercom/224782808497?v=app_4949752878" "Mozilla/5.0 (Windows; U; Windows NT 5.1; en-US; rv:1.9.2b5) Gecko/20091204 Firefox/3.6b5"
81.71.173.106 - - [29/Dec/2009:21:07:40 +0100] "GET /facebook/facebook_button_home.gif HTTP/1.1" 304 - "http://www.facebook.com/pages/paristhovercom/224782808497?v=app_4949752878" "Mozilla/5.0 (Windows; U; Windows NT 5.1; en-US; rv:1.9.2b5) Gecko/20091204 Firefox/3.6b5"
81.71.173.106 - - [29/Dec/2009:21:07:40 +0100] "GET /facebook/facebook_button_wall.gif HTTP/1.1" 304 - "http://www.facebook.com/pages/paristhovercom/224782808497?v=app_4949752878" "Mozilla/5.0 (Windows; U; Windows NT 5.1; en-US; rv:1.9.2b5) Gecko/20091204 Firefox/3.6b5"
81.71.173.106 - - [29/Dec/2009:21:07:40 +0100] "GET /facebook/facebook_button_discuss.gif HTTP/1.1" 200 1919 "http://www.facebook.com/pages/paristhovercom/224782808497?v=app_4949752878" "Mozilla/5.0 (Windows; U; Windows NT 5.1; en-US; rv:1.9.2b5) Gecko/20091204 Firefox/3.6b5"
81.71.173.106 - - [29/Dec/2009:21:29:14 +0100] "GET /facebook/facebook_button_home.gif HTTP/1.1" 304 - "http://www.facebook.com/pages/paristhovercom/224782808497?v=app_4949752878" "Mozilla/5.0 (Windows; U; Windows NT 5.1; en-US; rv:1.9.2b5) Gecko/20091204 Firefox/3.6b5"
81.71.173.106 - - [29/Dec/2009:21:29:14 +0100] "GET /facebook/facebook_button_wall.gif HTTP/1.1" 304 - "http://www.facebook.com/pages/paristhovercom/224782808497?v=app_4949752878" "Mozilla/5.0 (Windows; U; Windows NT 5.1; en-US; rv:1.9.2b5) Gecko/20091204 Firefox/3.6b5"
81.71.173.106 - - [29/Dec/2009:21:29:14 +0100] "GET /facebook/facebook_button_discuss.gif HTTP/1.1" 304 - "http://www.facebook.com/pages/paristhovercom/224782808497?v=app_4949752878" "Mozilla/5.0 (Windows; U; Windows NT 5.1; en-US; rv:1.9.2b5) Gecko/20091204 Firefox/3.6b5"
81.71.173.106 - - [29/Dec/2009:21:29:14 +0100] "GET /facebook/facebook_button_tour2010.gif HTTP/1.1" 200 4630 "http://www.facebook.com/pages/paristhovercom/224782808497?v=app_4949752878" "Mozilla/5.0 (Windows; U; Windows NT 5.1; en-US; rv:1.9.2b5) Gecko/20091204 Firefox/3.6b5"
81.71.173.106 - - [29/Dec/2009:21:33:18 +0100] "GET /facebook/facebook_button_home.gif HTTP/1.1" 304 - "http://www.facebook.com/pages/paristhovercom/224782808497?v=app_4949752878" "Mozilla/5.0 (Windows; U; Windows NT 5.1; en-US; rv:1.9.2b5) Gecko/20091204 Firefox/3.6b5"
81.71.173.106 - - [29/Dec/2009:21:33:18 +0100] "GET /facebook/facebook_button_wall.gif HTTP/1.1" 304 - "http://www.facebook.com/pages/paristhovercom/224782808497?v=app_4949752878" "Mozilla/5.0 (Windows; U; Windows NT 5.1; en-US; rv:1.9.2b5) Gecko/20091204 Firefox/3.6b5"
81.71.173.106 - - [29/Dec/2009:21:33:18 +0100] "GET /facebook/facebook_button_discuss.gif HTTP/1.1" 304 - "http://www.facebook.com/pages/paristhovercom/224782808497?v=app_4949752878" "Mozilla/5.0 (Windows; U; Windows NT 5.1; en-US; rv:1.9.2b5) Gecko/20091204 Firefox/3.6b5"
81.71.173.106 - - [29/Dec/2009:21:33:18 +0100] "GET /facebook/facebook_button_tour2010.gif HTTP/1.1" 304 - "http://www.facebook.com/pages/paristhovercom/224782808497?v=app_4949752878" "Mozilla/5.0 (Windows; U; Windows NT 5.1; en-US; rv:1.9.2b5) Gecko/20091204 Firefox/3.6b5"
81.71.173.106 - - [29/Dec/2009:21:33:18 +0100] "GET /facebook/facebook_button_tour2011.gif HTTP/1.1" 200 4537 "http://www.facebook.com/pages/paristhovercom/224782808497?v=app_4949752878" "Mozilla/5.0 (Windows; U; Windows NT 5.1; en-US; rv:1.9.2b5) Gecko/20091204 Firefox/3.6b5"
81.71.173.106 - - [29/Dec/2009:21:33:18 +0100] "GET /facebook/facebook_button_tour2012.gif HTTP/1.1" 200 4572 "http://www.facebook.com/pages/paristhovercom/224782808497?v=app_4949752878" "Mozilla/5.0 (Windows; U; Windows NT 5.1; en-US; rv:1.9.2b5) Gecko/20091204 Firefox/3.6b5"
81.71.173.106 - - [29/Dec/2009:21:33:18 +0100] "GET /facebook/facebook_button_tour2013.gif HTTP/1.1" 200 4626 "http://www.facebook.com/pages/paristhovercom/224782808497?v=app_4949752878" "Mozilla/5.0 (Windows; U; Windows NT 5.1; en-US; rv:1.9.2b5) Gecko/20091204 Firefox/3.6b5"
81.71.173.106 - - [29/Dec/2009:21:33:18 +0100] "GET /facebook/facebook_button_tour2014.gif HTTP/1.1" 200 4518 "http://www.facebook.com/pages/paristhovercom/224782808497?v=app_4949752878" "Mozilla/5.0 (Windows; U; Windows NT 5.1; en-US; rv:1.9.2b5) Gecko/20091204 Firefox/3.6b5"
81.71.173.106 - - [29/Dec/2009:21:33:54 +0100] "GET /facebook/facebook_button_home.gif HTTP/1.1" 304 - "http://www.facebook.com/pages/paristhovercom/224782808497?v=app_4949752878" "Mozilla/5.0 (Windows; U; Windows NT 5.1; en-US; rv:1.9.2b5) Gecko/20091204 Firefox/3.6b5"
81.71.173.106 - - [29/Dec/2009:21:33:54 +0100] "GET /facebook/facebook_button_wall.gif HTTP/1.1" 304 - "http://www.facebook.com/pages/paristhovercom/224782808497?v=app_4949752878" "Mozilla/5.0 (Windows; U; Windows NT 5.1; en-US; rv:1.9.2b5) Gecko/20091204 Firefox/3.6b5"
81.71.173.106 - - [29/Dec/2009:21:33:54 +0100] "GET /facebook/facebook_button_discuss.gif HTTP/1.1" 304 - "http://www.facebook.com/pages/paristhovercom/224782808497?v=app_4949752878" "Mozilla/5.0 (Windows; U; Windows NT 5.1; en-US; rv:1.9.2b5) Gecko/20091204 Firefox/3.6b5"
81.71.173.106 - - [29/Dec/2009:21:33:54 +0100] "GET /facebook/facebook_button_tour2010.gif HTTP/1.1" 304 - "http://www.facebook.com/pages/paristhovercom/224782808497?v=app_4949752878" "Mozilla/5.0 (Windows; U; Windows NT 5.1; en-US; rv:1.9.2b5) Gecko/20091204 Firefox/3.6b5"
81.71.173.106 - - [29/Dec/2009:21:33:54 +0100] "GET /facebook/facebook_button_tour2011.gif HTTP/1.1" 304 - "http://www.facebook.com/pages/paristhovercom/224782808497?v=app_4949752878" "Mozilla/5.0 (Windows; U; Windows NT 5.1; en-US; rv:1.9.2b5) Gecko/20091204 Firefox/3.6b5"
81.71.173.106 - - [29/Dec/2009:21:33:54 +0100] "GET /facebook/facebook_button_tour2012.gif HTTP/1.1" 304 - "http://www.facebook.com/pages/paristhovercom/224782808497?v=app_4949752878" "Mozilla/5.0 (Windows; U; Windows NT 5.1; en-US; rv:1.9.2b5) Gecko/20091204 Firefox/3.6b5"
81.71.173.106 - - [29/Dec/2009:21:33:54 +0100] "GET /facebook/facebook_button_tour2013.gif HTTP/1.1" 304 - "http://www.facebook.com/pages/paristhovercom/224782808497?v=app_4949752878" "Mozilla/5.0 (Windows; U; Windows NT 5.1; en-US; rv:1.9.2b5) Gecko/20091204 Firefox/3.6b5"
81.71.173.106 - - [29/Dec/2009:21:33:54 +0100] "GET /facebook/facebook_button_tour2014.gif HTTP/1.1" 304 - "http://www.facebook.com/pages/paristhovercom/224782808497?v=app_4949752878" "Mozilla/5.0 (Windows; U; Windows NT 5.1; en-US; rv:1.9.2b5) Gecko/20091204 Firefox/3.6b5"
81.71.173.106 - - [29/Dec/2009:21:38:16 +0100] "GET /facebook/facebook_button_home.gif HTTP/1.1" 304 - "http://www.facebook.com/pages/paristhovercom/224782808497?v=app_4949752878" "Mozilla/5.0 (Windows; U; Windows NT 5.1; en-US; rv:1.9.2b5) Gecko/20091204 Firefox/3.6b5"
81.71.173.106 - - [29/Dec/2009:21:38:16 +0100] "GET /facebook/facebook_button_wall.gif HTTP/1.1" 304 - "http://www.facebook.com/pages/paristhovercom/224782808497?v=app_4949752878" "Mozilla/5.0 (Windows; U; Windows NT 5.1; en-US; rv:1.9.2b5) Gecko/20091204 Firefox/3.6b5"
81.71.173.106 - - [29/Dec/2009:21:38:16 +0100] "GET /facebook/facebook_button_discuss.gif HTTP/1.1" 304 - "http://www.facebook.com/pages/paristhovercom/224782808497?v=app_4949752878" "Mozilla/5.0 (Windows; U; Windows NT 5.1; en-US; rv:1.9.2b5) Gecko/20091204 Firefox/3.6b5"
81.71.173.106 - - [29/Dec/2009:21:38:16 +0100] "GET /facebook/facebook_button_tour2010.gif HTTP/1.1" 304 - "http://www.facebook.com/pages/paristhovercom/224782808497?v=app_4949752878" "Mozilla/5.0 (Windows; U; Windows NT 5.1; en-US; rv:1.9.2b5) Gecko/20091204 Firefox/3.6b5"
81.71.173.106 - - [29/Dec/2009:21:38:16 +0100] "GET /facebook/facebook_button_tour2011.gif HTTP/1.1" 304 - "http://www.facebook.com/pages/paristhovercom/224782808497?v=app_4949752878" "Mozilla/5.0 (Windows; U; Windows NT 5.1; en-US; rv:1.9.2b5) Gecko/20091204 Firefox/3.6b5"
81.71.173.106 - - [29/Dec/2009:21:38:16 +0100] "GET /facebook/facebook_button_tour2012.gif HTTP/1.1" 304 - "http://www.facebook.com/pages/paristhovercom/224782808497?v=app_4949752878" "Mozilla/5.0 (Windows; U; Windows NT 5.1; en-US; rv:1.9.2b5) Gecko/20091204 Firefox/3.6b5"
81.71.173.106 - - [29/Dec/2009:21:38:16 +0100] "GET /facebook/facebook_button_vuelta2009.gif HTTP/1.1" 200 5455 "http://www.facebook.com/pages/paristhovercom/224782808497?v=app_4949752878" "Mozilla/5.0 (Windows; U; Windows NT 5.1; en-US; rv:1.9.2b5) Gecko/20091204 Firefox/3.6b5"
81.71.173.106 - - [29/Dec/2009:21:38:16 +0100] "GET /facebook/facebook_button_vuelta2010.gif HTTP/1.1" 200 5424 "http://www.facebook.com/pages/paristhovercom/224782808497?v=app_4949752878" "Mozilla/5.0 (Windows; U; Windows NT 5.1; en-US; rv:1.9.2b5) Gecko/20091204 Firefox/3.6b5"
81.71.173.106 - - [29/Dec/2009:21:38:16 +0100] "GET /facebook/facebook_button_tour2013.gif HTTP/1.1" 304 - "http://www.facebook.com/pages/paristhovercom/224782808497?v=app_4949752878" "Mozilla/5.0 (Windows; U; Windows NT 5.1; en-US; rv:1.9.2b5) Gecko/20091204 Firefox/3.6b5"
81.71.173.106 - - [29/Dec/2009:21:38:16 +0100] "GET /facebook/facebook_button_tour2014.gif HTTP/1.1" 304 - "http://www.facebook.com/pages/paristhovercom/224782808497?v=app_4949752878" "Mozilla/5.0 (Windows; U; Windows NT 5.1; en-US; rv:1.9.2b5) Gecko/20091204 Firefox/3.6b5"
81.71.173.106 - - [29/Dec/2009:21:44:52 +0100] "GET /facebook/facebook_button_home.gif HTTP/1.1" 304 - "http://www.facebook.com/pages/paristhovercom/224782808497?v=app_4949752878" "Mozilla/5.0 (Windows; U; Windows NT 5.1; en-US; rv:1.9.2b5) Gecko/20091204 Firefox/3.6b5"
81.71.173.106 - - [29/Dec/2009:21:44:52 +0100] "GET /facebook/facebook_button_wall.gif HTTP/1.1" 304 - "http://www.facebook.com/pages/paristhovercom/224782808497?v=app_4949752878" "Mozilla/5.0 (Windows; U; Windows NT 5.1; en-US; rv:1.9.2b5) Gecko/20091204 Firefox/3.6b5"
81.71.173.106 - - [29/Dec/2009:21:44:52 +0100] "GET /facebook/facebook_button_discuss.gif HTTP/1.1" 304 - "http://www.facebook.com/pages/paristhovercom/224782808497?v=app_4949752878" "Mozilla/5.0 (Windows; U; Windows NT 5.1; en-US; rv:1.9.2b5) Gecko/20091204 Firefox/3.6b5"
81.71.173.106 - - [29/Dec/2009:21:44:52 +0100] "GET /facebook/facebook_button_tour2010.gif HTTP/1.1" 304 - "http://www.facebook.com/pages/paristhovercom/224782808497?v=app_4949752878" "Mozilla/5.0 (Windows; U; Windows NT 5.1; en-US; rv:1.9.2b5) Gecko/20091204 Firefox/3.6b5"
81.71.173.106 - - [29/Dec/2009:21:44:52 +0100] "GET /facebook/facebook_button_tour2011.gif HTTP/1.1" 304 - "http://www.facebook.com/pages/paristhovercom/224782808497?v=app_4949752878" "Mozilla/5.0 (Windows; U; Windows NT 5.1; en-US; rv:1.9.2b5) Gecko/20091204 Firefox/3.6b5"
81.71.173.106 - - [29/Dec/2009:21:44:52 +0100] "GET /facebook/facebook_button_tour2012.gif HTTP/1.1" 304 - "http://www.facebook.com/pages/paristhovercom/224782808497?v=app_4949752878" "Mozilla/5.0 (Windows; U; Windows NT 5.1; en-US; rv:1.9.2b5) Gecko/20091204 Firefox/3.6b5"
81.71.173.106 - - [29/Dec/2009:21:44:52 +0100] "GET /facebook/facebook_button_giro2009.gif HTTP/1.1" 200 6514 "http://www.facebook.com/pages/paristhovercom/224782808497?v=app_4949752878" "Mozilla/5.0 (Windows; U; Windows NT 5.1; en-US; rv:1.9.2b5) Gecko/20091204 Firefox/3.6b5"
81.71.173.106 - - [29/Dec/2009:21:44:52 +0100] "GET /facebook/facebook_button_giro2010.gif HTTP/1.1" 200 6389 "http://www.facebook.com/pages/paristhovercom/224782808497?v=app_4949752878" "Mozilla/5.0 (Windows; U; Windows NT 5.1; en-US; rv:1.9.2b5) Gecko/20091204 Firefox/3.6b5"
81.71.173.106 - - [29/Dec/2009:21:44:52 +0100] "GET /facebook/facebook_button_tour2013.gif HTTP/1.1" 304 - "http://www.facebook.com/pages/paristhovercom/224782808497?v=app_4949752878" "Mozilla/5.0 (Windows; U; Windows NT 5.1; en-US; rv:1.9.2b5) Gecko/20091204 Firefox/3.6b5"
81.71.173.106 - - [29/Dec/2009:21:44:52 +0100] "GET /facebook/facebook_button_tour2014.gif HTTP/1.1" 304 - "http://www.facebook.com/pages/paristhovercom/224782808497?v=app_4949752878" "Mozilla/5.0 (Windows; U; Windows NT 5.1; en-US; rv:1.9.2b5) Gecko/20091204 Firefox/3.6b5"
81.71.173.106 - - [29/Dec/2009:21:44:52 +0100] "GET /facebook/facebook_button_vuelta2009.gif HTTP/1.1" 304 - "http://www.facebook.com/pages/paristhovercom/224782808497?v=app_4949752878" "Mozilla/5.0 (Windows; U; Windows NT 5.1; en-US; rv:1.9.2b5) Gecko/20091204 Firefox/3.6b5"
81.71.173.106 - - [29/Dec/2009:21:44:52 +0100] "GET /facebook/facebook_button_vuelta2010.gif HTTP/1.1" 304 - "http://www.facebook.com/pages/paristhovercom/224782808497?v=app_4949752878" "Mozilla/5.0 (Windows; U; Windows NT 5.1; en-US; rv:1.9.2b5) Gecko/20091204 Firefox/3.6b5"
81.71.173.106 - - [29/Dec/2009:21:47:08 +0100] "GET /facebook/facebook_button_tour2010.gif HTTP/1.1" 304 - "http://www.facebook.com/pages/paristhovercom/224782808497?v=app_4949752878" "Mozilla/5.0 (Windows; U; Windows NT 5.1; en-US; rv:1.9.2b5) Gecko/20091204 Firefox/3.6b5"
81.71.173.106 - - [29/Dec/2009:21:47:08 +0100] "GET /facebook/facebook_button_tour2011.gif HTTP/1.1" 304 - "http://www.facebook.com/pages/paristhovercom/224782808497?v=app_4949752878" "Mozilla/5.0 (Windows; U; Windows NT 5.1; en-US; rv:1.9.2b5) Gecko/20091204 Firefox/3.6b5"
81.71.173.106 - - [29/Dec/2009:21:47:08 +0100] "GET /facebook/facebook_button_tour2012.gif HTTP/1.1" 304 - "http://www.facebook.com/pages/paristhovercom/224782808497?v=app_4949752878" "Mozilla/5.0 (Windows; U; Windows NT 5.1; en-US; rv:1.9.2b5) Gecko/20091204 Firefox/3.6b5"
81.71.173.106 - - [29/Dec/2009:21:47:08 +0100] "GET /facebook/facebook_button_tour2013.gif HTTP/1.1" 304 - "http://www.facebook.com/pages/paristhovercom/224782808497?v=app_4949752878" "Mozilla/5.0 (Windows; U; Windows NT 5.1; en-US; rv:1.9.2b5) Gecko/20091204 Firefox/3.6b5"
81.71.173.106 - - [29/Dec/2009:21:47:08 +0100] "GET /facebook/facebook_button_tour2014.gif HTTP/1.1" 304 - "http://www.facebook.com/pages/paristhovercom/224782808497?v=app_4949752878" "Mozilla/5.0 (Windows; U; Windows NT 5.1; en-US; rv:1.9.2b5) Gecko/20091204 Firefox/3.6b5"
81.71.173.106 - - [29/Dec/2009:21:47:08 +0100] "GET /facebook/facebook_button_vuelta2009.gif HTTP/1.1" 304 - "http://www.facebook.com/pages/paristhovercom/224782808497?v=app_4949752878" "Mozilla/5.0 (Windows; U; Windows NT 5.1; en-US; rv:1.9.2b5) Gecko/20091204 Firefox/3.6b5"
81.71.173.106 - - [29/Dec/2009:21:47:08 +0100] "GET /facebook/facebook_button_vuelta2010.gif HTTP/1.1" 304 - "http://www.facebook.com/pages/paristhovercom/224782808497?v=app_4949752878" "Mozilla/5.0 (Windows; U; Windows NT 5.1; en-US; rv:1.9.2b5) Gecko/20091204 Firefox/3.6b5"
81.71.173.106 - - [29/Dec/2009:21:47:08 +0100] "GET /facebook/facebook_button_giro2009.gif HTTP/1.1" 304 - "http://www.facebook.com/pages/paristhovercom/224782808497?v=app_4949752878" "Mozilla/5.0 (Windows; U; Windows NT 5.1; en-US; rv:1.9.2b5) Gecko/20091204 Firefox/3.6b5"
81.71.173.106 - - [29/Dec/2009:21:47:08 +0100] "GET /facebook/facebook_button_giro2010.gif HTTP/1.1" 304 - "http://www.facebook.com/pages/paristhovercom/224782808497?v=app_4949752878" "Mozilla/5.0 (Windows; U; Windows NT 5.1; en-US; rv:1.9.2b5) Gecko/20091204 Firefox/3.6b5"
